CRAN Package Check Results for Package rstan

Last updated on 2018-10-16 22:56:38 CEST.

Flavor Version Tinstall Tcheck Ttotal Status Flags
r-devel-linux-x86_64-debian-clang 2.17.4 766.82 354.23 1121.05 OK
r-devel-linux-x86_64-debian-gcc 2.18.1 608.68 315.93 924.61 OK
r-devel-linux-x86_64-fedora-clang 2.18.1 1309.18 NOTE
r-devel-linux-x86_64-fedora-gcc 2.18.1 1225.72 OK
r-devel-windows-ix86+x86_64 2.17.4 1483.00 213.00 1696.00 WARN
r-patched-linux-x86_64 2.17.4 709.76 395.03 1104.79 OK
r-patched-solaris-x86 2.18.1 1198.80 NOTE
r-release-linux-x86_64 2.17.4 681.92 387.84 1069.76 OK
r-release-windows-ix86+x86_64 2.17.4 1526.00 278.00 1804.00 WARN
r-release-osx-x86_64 2.17.4 NOTE
r-oldrel-windows-ix86+x86_64 2.18.1 847.00 329.00 1176.00 NOTE
r-oldrel-osx-x86_64 2.17.4 NOTE

Check Details

Version: 2.18.1
Check: installed package size
Result: NOTE
     installed size is 281.7Mb
     sub-directories of 1Mb or more:
     libs 279.1Mb
Flavors: r-devel-linux-x86_64-fedora-clang, r-patched-solaris-x86, r-oldrel-windows-ix86+x86_64

Version: 2.17.4
Check: installed package size
Result: NOTE
     installed size is 12.4Mb
     sub-directories of 1Mb or more:
     libs 9.9Mb
Flavors: r-devel-windows-ix86+x86_64, r-release-windows-ix86+x86_64, r-release-osx-x86_64, r-oldrel-osx-x86_64

Version: 2.17.4
Check: re-building of vignette outputs
Result: WARN
    Error in re-building vignettes:
     ...
    Warning in engine$weave(file, quiet = quiet, encoding = enc) :
     The vignette engine knitr::rmarkdown is not available, because the rmarkdown package is not installed. Please install it.
    Error in file(con, "r") : cannot open the connection
    Warning in engine$weave(file, quiet = quiet, encoding = enc) :
     The vignette engine knitr::rmarkdown is not available, because the rmarkdown package is not installed. Please install it.
    Quitting from lines 226-236 (rstan.Rmd)
    Error: processing vignette 'rstan.Rmd' failed with diagnostics:
    Compilation ERROR, function(s)/method(s) not created! In file included from D:/temp/RtmpuImedN/RLIBS_9c70185e207b/BH/include/boost/config.hpp:39:0,
     from D:/temp/RtmpuImedN/RLIBS_9c70185e207b/BH/include/boost/math/tools/config.hpp:13,
     from D:/temp/RtmpuImedN/RLIBS_9c70185e207b/StanHeaders/include/stan/math/rev/core/var.hpp:7,
     from D:/temp/RtmpuImedN/RLIBS_9c70185e207b/StanHeaders/include/stan/math/rev/core/gevv_vvv_vari.hpp:5,
     from D:/temp/RtmpuImedN/RLIBS_9c70185e207b/StanHeaders/include/stan/math/rev/core.hpp:12,
     from D:/temp/RtmpuImedN/RLIBS_9c70185e207b/StanHeaders/include/stan/math/rev/mat.hpp:4,
     from D:/temp/RtmpuImedN/RLIBS_9c70185e207b/StanHeaders/include/stan/math.hpp:4,
     from D:/temp/RtmpuImedN/RLIBS_9c70185e207b/StanHeaders/include/src/stan/model/model_header.hpp:4,
     from file23fb
    Execution halted
Flavor: r-devel-windows-ix86+x86_64

Version: 2.18.1
Check: Rd cross-references
Result: NOTE
    Package unavailable to check Rd xrefs: ‘rstanarm’
Flavor: r-patched-solaris-x86

Version: 2.17.4
Check: whether package can be installed
Result: WARN
    Found the following significant warnings:
     Warning: S3 methods '[.fun_list', '[.grouped_df', 'all.equal.tbl_df', 'anti_join.data.frame', 'anti_join.tbl_df', 'arrange.data.frame', 'arrange.default', 'arrange.grouped_df', 'arrange.tbl_df', 'arrange_.data.frame', 'arrange_.tbl_df', 'as.data.frame.grouped_df', 'as.data.frame.rowwise_df', 'as.data.frame.tbl_cube', 'as.data.frame.tbl_df', 'as.table.tbl_cube', 'as.tbl.data.frame', 'as.tbl.tbl', 'as.tbl_cube.array', 'as.tbl_cube.data.frame', 'as.tbl_cube.matrix', 'as.tbl_cube.table', 'as_data_frame.grouped_df', 'as_data_frame.tbl_cube', 'auto_copy.tbl_cube', 'auto_copy.tbl_df', 'cbind.grouped_df', 'collapse.data.frame', 'collect.data.frame', 'common_by.NULL', 'common_by.character', 'common_by.default', 'common_by.list', 'compute.data.frame', 'copy_to.DBIConnection', 'copy_to.src_local', 'default_missing.data.frame', 'default_missing.default', 'dim.tbl_cube', 'distinct.data.frame', 'distinct.default', 'distinct.grouped_df', 'distinct.tbl_df', 'distinct_.data.frame', 'distinct_.grouped_df', 'dist [... truncated]
Flavor: r-release-windows-ix86+x86_64

Version: 2.17.4
Check: re-building of vignette outputs
Result: WARN
    Error in re-building vignettes:
     ...
    Warning in engine$weave(file, quiet = quiet, encoding = enc) :
     The vignette engine knitr::rmarkdown is not available, because the rmarkdown package is not installed. Please install it.
    Error in file(con, "r") : cannot open the connection
    Warning in engine$weave(file, quiet = quiet, encoding = enc) :
     The vignette engine knitr::rmarkdown is not available, because the rmarkdown package is not installed. Please install it.
    Quitting from lines 226-236 (rstan.Rmd)
    Error: processing vignette 'rstan.Rmd' failed with diagnostics:
    Compilation ERROR, function(s)/method(s) not created! In file included from D:/temp/RtmpEDZqH8/RLIBS_2ce4016e1ae/BH/include/boost/config.hpp:39:0,
     from D:/temp/RtmpEDZqH8/RLIBS_2ce4016e1ae/BH/include/boost/math/tools/config.hpp:13,
     from D:/temp/RtmpEDZqH8/RLIBS_2ce4016e1ae/StanHeaders/include/stan/math/rev/core/var.hpp:7,
     from D:/temp/RtmpEDZqH8/RLIBS_2ce4016e1ae/StanHeaders/include/stan/math/rev/core/gevv_vvv_vari.hpp:5,
     from D:/temp/RtmpEDZqH8/RLIBS_2ce4016e1ae/StanHeaders/include/stan/math/rev/core.hpp:12,
     from D:/temp/RtmpEDZqH8/RLIBS_2ce4016e1ae/StanHeaders/include/stan/math/rev/mat.hpp:4,
     from D:/temp/RtmpEDZqH8/RLIBS_2ce4016e1ae/StanHeaders/include/stan/math.hpp:4,
     from D:/temp/RtmpEDZqH8/RLIBS_2ce4016e1ae/StanHeaders/include/src/stan/model/model_header.hpp:4,
     from file22d683c0d29f
    Execution halted
Flavor: r-release-windows-ix86+x86_64