CRAN Package Check Results for Package rstan

Last updated on 2017-11-19 22:49:44.

Flavor Version Tinstall Tcheck Ttotal Status Flags
r-devel-linux-x86_64-debian-clang 2.16.2 317.94 203.56 521.50 OK
r-devel-linux-x86_64-debian-gcc 2.16.2 515.20 342.15 857.35 OK
r-devel-linux-x86_64-fedora-clang 2.16.2 1016.01 NOTE
r-devel-linux-x86_64-fedora-gcc 2.16.2 1396.62 NOTE
r-devel-windows-ix86+x86_64 2.16.2 1126.00 365.00 1491.00 NOTE
r-patched-linux-x86_64 2.16.2 512.34 213.31 725.65 OK
r-patched-solaris-x86 2.16.2 1229.30 NOTE
r-release-linux-x86_64 2.16.2 522.23 214.51 736.74 OK
r-release-windows-ix86+x86_64 2.16.2 1480.00 447.00 1927.00 NOTE
r-release-osx-x86_64 2.16.2 NOTE
r-oldrel-windows-ix86+x86_64 2.16.2 1031.00 415.00 1446.00 NOTE
r-oldrel-osx-x86_64 2.16.2 NOTE

Additional issues

gcc-UBSAN

Check Details

Version: 2.16.2
Check: installed package size
Result: NOTE
     installed size is 255.9Mb
     sub-directories of 1Mb or more:
     libs 253.6Mb
Flavors: r-devel-linux-x86_64-fedora-clang, r-devel-linux-x86_64-fedora-gcc, r-devel-windows-ix86+x86_64, r-patched-solaris-x86, r-release-windows-ix86+x86_64, r-release-osx-x86_64, r-oldrel-windows-ix86+x86_64, r-oldrel-osx-x86_64