CRAN Package Check Results for Package rstan

Last updated on 2018-01-15 22:47:47 CET.

Flavor Version Tinstall Tcheck Ttotal Status Flags
r-devel-linux-x86_64-debian-clang 2.17.2 444.18 273.31 717.49 WARN
r-devel-linux-x86_64-debian-gcc 2.17.2 595.82 249.25 845.07 OK
r-devel-linux-x86_64-fedora-clang 2.17.2 1010.08 NOTE
r-devel-linux-x86_64-fedora-gcc 2.17.2 1378.11 NOTE
r-devel-windows-ix86+x86_64 2.17.2 1072.00 352.00 1424.00 NOTE
r-patched-linux-x86_64 2.17.2 710.79 328.13 1038.92 OK
r-patched-solaris-x86 2.17.2 1125.00 WARN
r-release-linux-x86_64 2.17.2 708.90 336.52 1045.42 OK
r-release-windows-ix86+x86_64 2.17.2 1545.00 322.00 1867.00 NOTE
r-release-osx-x86_64 2.17.2 NOTE
r-oldrel-windows-ix86+x86_64 2.17.2 1515.00 306.00 1821.00 NOTE
r-oldrel-osx-x86_64 2.17.2 NOTE

Additional issues

gcc-UBSAN

Check Details

Version: 2.17.2
Check: whether package can be installed
Result: WARN
    Found the following significant warnings:
     /home/hornik/tmp/R.check/r-devel-clang/Work/build/Packages/BH/include/boost/iostreams/seek.hpp:85:20: warning: result of comparison 'boost::iostreams::stream_offset' (aka 'long') < -9223372036854775808 is always false [-Wtautological-constant-compare]
     /home/hornik/tmp/R.check/r-devel-clang/Work/build/Packages/BH/include/boost/iostreams/seek.hpp:86:20: warning: result of comparison 'boost::iostreams::stream_offset' (aka 'long') > 9223372036854775807 is always false [-Wtautological-constant-compare]
     /home/hornik/tmp/R.check/r-devel-clang/Work/build/Packages/BH/include/boost/iostreams/seek.hpp:112:20: warning: result of comparison 'boost::iostreams::stream_offset' (aka 'long') < -9223372036854775808 is always false [-Wtautological-constant-compare]
     /home/hornik/tmp/R.check/r-devel-clang/Work/build/Packages/BH/include/boost/iostreams/seek.hpp:113:20: warning: result of comparison 'boost::iostreams::stream_offset' (aka 'long') > 9223372036854775807 is always false [-Wtautological-constant-compare]
Flavor: r-devel-linux-x86_64-debian-clang

Version: 2.17.2
Check: installed package size
Result: NOTE
     installed size is 292.6Mb
     sub-directories of 1Mb or more:
     libs 290.2Mb
Flavors: r-devel-linux-x86_64-fedora-clang, r-devel-linux-x86_64-fedora-gcc, r-devel-windows-ix86+x86_64, r-patched-solaris-x86, r-release-windows-ix86+x86_64, r-release-osx-x86_64, r-oldrel-windows-ix86+x86_64, r-oldrel-osx-x86_64

Version: 2.17.2
Check: Rd cross-references
Result: NOTE
    Package unavailable to check Rd xrefs: ‘rstanarm’
Flavor: r-patched-solaris-x86

Version: 2.17.2
Check: re-building of vignette outputs
Result: WARN
    Error in re-building vignettes:
     ...
    Warning in engine$weave(file, quiet = quiet, encoding = enc) :
     Pandoc (>= 1.12.3) and/or pandoc-citeproc not available. Falling back to R Markdown v1.
    Error in file(con, "r") : cannot open the connection
    Warning in engine$weave(file, quiet = quiet, encoding = enc) :
     Pandoc (>= 1.12.3) and/or pandoc-citeproc not available. Falling back to R Markdown v1.
    Quitting from lines 226-236 (rstan.Rmd)
    Error: processing vignette 'rstan.Rmd' failed with diagnostics:
    Compilation ERROR, function(s)/method(s) not created! In file included from /home/ripley/R/Lib32/BH/include/boost/config.hpp:39:0,
     from /home/ripley/R/Lib32/BH/include/boost/math/tools/config.hpp:13,
     from /home/ripley/R/Lib32/StanHeaders/include/stan/math/rev/core/var.hpp:7,
     from /home/ripley/R/Lib32/StanHeaders/include/stan/math/rev/core/gevv_vvv_vari.hpp:5,
     from /home/ripley/R/Lib32/StanHeaders/include/stan/math/rev/core.hpp:12,
     from /home/ripley/R/Lib32/StanHeaders/include/stan/math/rev/mat.hpp:4,
     from /home/ripley/R/Lib32/StanHeaders/include/stan/math.hpp:4,
     from /home/ripley/R/Lib32/StanHeaders/include/src/stan/model/model_header.hpp:4,
     from filef8b2b553b3f.cpp:8:
    /home/ripley/R/Lib32/BH/include/boost/config/compiler/gcc.hpp:186:0: warning: "BOOST_NO_CXX11_RVALUE_REFERENCES" redefine
    Execution halted
Flavor: r-patched-solaris-x86