Last updated on 2023-12-04 22:57:53 CET.
Flavor | Version | Tinstall | Tcheck | Ttotal | Status | Flags |
---|---|---|---|---|---|---|
r-devel-linux-x86_64-debian-clang | 0.1.5 | 173.54 | 218.52 | 392.06 | NOTE | |
r-devel-linux-x86_64-debian-gcc | 0.1.5 | 135.77 | 167.35 | 303.12 | NOTE | |
r-devel-linux-x86_64-fedora-clang | 0.1.5 | 485.89 | NOTE | |||
r-devel-linux-x86_64-fedora-gcc | 0.1.5 | 539.38 | NOTE | |||
r-devel-windows-x86_64 | 0.1.5 | 128.00 | 194.00 | 322.00 | NOTE | |
r-patched-linux-x86_64 | 0.1.5 | 118.65 | 220.39 | 339.04 | NOTE | |
r-release-linux-x86_64 | 0.1.5 | 117.04 | 220.38 | 337.42 | NOTE | |
r-release-macos-arm64 | 0.1.5 | 242.00 | NOTE | |||
r-release-macos-x86_64 | 0.1.5 | 348.00 | NOTE | |||
r-release-windows-x86_64 | 0.1.5 | 167.00 | 233.00 | 400.00 | NOTE | |
r-oldrel-macos-arm64 | 0.1.5 | 177.00 | NOTE | |||
r-oldrel-macos-x86_64 | 0.1.5 | 236.00 | NOTE | |||
r-oldrel-windows-x86_64 | 0.1.5 | 148.00 | 238.00 | 386.00 | NOTE |
Version: 0.1.5
Check: for GNU extensions in Makefiles
Result: NOTE
GNU make is a SystemRequirements.
Flavors: r-devel-linux-x86_64-debian-clang, r-devel-linux-x86_64-debian-gcc, r-devel-linux-x86_64-fedora-clang, r-devel-linux-x86_64-fedora-gcc, r-devel-windows-x86_64, r-patched-linux-x86_64, r-release-linux-x86_64, r-release-macos-arm64, r-release-macos-x86_64, r-release-windows-x86_64, r-oldrel-macos-arm64, r-oldrel-macos-x86_64, r-oldrel-windows-x86_64
Version: 0.1.5
Check: installed package size
Result: NOTE
installed size is 36.6Mb
sub-directories of 1Mb or more:
libs 36.0Mb
Flavors: r-release-macos-arm64, r-release-macos-x86_64, r-oldrel-macos-arm64, r-oldrel-macos-x86_64