CRAN Package Check Results for Package rstiefel

Last updated on 2018-06-24 22:49:36 CEST.

Flavor Version Tinstall Tcheck Ttotal Status Flags
r-devel-linux-x86_64-debian-clang 0.20 1.87 111.88 113.75 OK
r-devel-linux-x86_64-debian-gcc 0.20 1.91 83.64 85.55 OK
r-devel-linux-x86_64-fedora-clang 0.20 132.23 OK
r-devel-linux-x86_64-fedora-gcc 0.20 131.63 OK
r-devel-windows-ix86+x86_64 0.20 13.00 139.00 152.00 OK
r-patched-linux-x86_64 0.20 2.00 108.39 110.39 OK
r-patched-solaris-x86 0.20 216.30 OK
r-release-linux-x86_64 0.20 2.12 107.48 109.60 OK
r-release-windows-ix86+x86_64 0.20 10.00 159.00 169.00 OK
r-release-osx-x86_64 0.20 OK
r-oldrel-windows-ix86+x86_64 0.20 5.00 134.00 139.00 OK
r-oldrel-osx-x86_64 0.10 NOTE

Check Details

Version: 0.10
Check: R code for possible problems
Result: NOTE
    rbing.O2: no visible global function definition for ‘runif’
    rbing.O2: no visible global function definition for ‘rbeta’
    rbing.O2: no visible global function definition for ‘rbinom’
    rbing.Op: no visible global function definition for ‘rnorm’
    rbing.Op: no visible global function definition for ‘rbinom’
    rbing.Op: no visible global function definition for ‘runif’
    rbmf.O2: no visible global function definition for ‘runif’
    rmf.matrix: no visible global function definition for ‘runif’
    rmf.vector: no visible global function definition for ‘rnorm’
    rmf.vector: no visible global function definition for ‘rbinom’
    rustiefel: no visible global function definition for ‘rnorm’
    Undefined global functions or variables:
     rbeta rbinom rnorm runif
    Consider adding
     importFrom("stats", "rbeta", "rbinom", "rnorm", "runif")
    to your NAMESPACE file.
Flavor: r-oldrel-osx-x86_64