CRAN Package Check Results for Package rstiefel

Last updated on 2017-11-22 22:57:51 CET.

Flavor Version Tinstall Tcheck Ttotal Status Flags
r-devel-linux-x86_64-debian-clang 0.10 1.04 70.03 71.07 NOTE
r-devel-linux-x86_64-debian-gcc 0.10 1.27 128.97 130.24 NOTE
r-devel-linux-x86_64-fedora-clang 0.10 127.75 NOTE
r-devel-linux-x86_64-fedora-gcc 0.10 126.42 NOTE
r-devel-windows-ix86+x86_64 0.10 11.00 139.00 150.00 NOTE
r-patched-linux-x86_64 0.10 1.04 74.55 75.59 NOTE
r-patched-solaris-x86 0.10 215.30 NOTE
r-release-linux-x86_64 0.10 1.05 77.40 78.45 NOTE
r-release-windows-ix86+x86_64 0.10 7.00 134.00 141.00 NOTE
r-release-osx-x86_64 0.10 NOTE
r-oldrel-windows-ix86+x86_64 0.10 5.00 131.00 136.00 NOTE
r-oldrel-osx-x86_64 0.10 NOTE

Check Details

Version: 0.10
Check: R code for possible problems
Result: NOTE
    rbing.O2: no visible global function definition for ‘runif’
    rbing.O2: no visible global function definition for ‘rbeta’
    rbing.O2: no visible global function definition for ‘rbinom’
    rbing.Op: no visible global function definition for ‘rnorm’
    rbing.Op: no visible global function definition for ‘rbinom’
    rbing.Op: no visible global function definition for ‘runif’
    rbmf.O2: no visible global function definition for ‘runif’
    rmf.matrix: no visible global function definition for ‘runif’
    rmf.vector: no visible global function definition for ‘rnorm’
    rmf.vector: no visible global function definition for ‘rbinom’
    rustiefel: no visible global function definition for ‘rnorm’
    Undefined global functions or variables:
     rbeta rbinom rnorm runif
    Consider adding
     importFrom("stats", "rbeta", "rbinom", "rnorm", "runif")
    to your NAMESPACE file.
Flavors: r-devel-linux-x86_64-debian-clang, r-devel-linux-x86_64-debian-gcc, r-devel-linux-x86_64-fedora-clang, r-devel-linux-x86_64-fedora-gcc, r-devel-windows-ix86+x86_64, r-patched-linux-x86_64, r-patched-solaris-x86, r-release-linux-x86_64, r-release-windows-ix86+x86_64, r-release-osx-x86_64, r-oldrel-windows-ix86+x86_64, r-oldrel-osx-x86_64

Version: 0.10
Check: compiled code
Result: NOTE
    File ‘rstiefel/libs/rstiefel.so’:
     Found no calls to: ‘R_registerRoutines’, ‘R_useDynamicSymbols’
    
    It is good practice to register native routines and to disable symbol
    search.
    
    See ‘Writing portable packages’ in the ‘Writing R Extensions’ manual.
Flavors: r-devel-linux-x86_64-debian-clang, r-devel-linux-x86_64-debian-gcc, r-devel-linux-x86_64-fedora-clang, r-devel-linux-x86_64-fedora-gcc, r-patched-linux-x86_64, r-release-linux-x86_64