CRAN Package Check Results for Package rstudio.prefs

Last updated on 2024-06-13 22:49:43 CEST.

Flavor Version Tinstall Tcheck Ttotal Status Flags
r-devel-linux-x86_64-debian-clang 0.1.9 4.78 49.22 54.00 OK
r-devel-linux-x86_64-debian-gcc 0.1.9 0.36 1.72 2.08 ERROR
r-devel-linux-x86_64-fedora-clang 0.1.9 67.23 OK
r-devel-linux-x86_64-fedora-gcc 0.1.9 64.06 OK
r-devel-windows-x86_64 0.1.9 5.00 56.00 61.00 OK
r-patched-linux-x86_64 0.1.9 4.42 47.21 51.63 OK
r-release-linux-x86_64 0.1.9 4.28 47.46 51.74 OK
r-release-macos-arm64 0.1.9 27.00 OK
r-release-macos-x86_64 0.1.9 38.00 OK
r-release-windows-x86_64 0.1.9 6.00 61.00 67.00 OK
r-oldrel-macos-arm64 0.1.9 22.00 OK
r-oldrel-macos-x86_64 0.1.9 36.00 OK
r-oldrel-windows-x86_64 0.1.9 7.00 63.00 70.00 OK

Check Details

Version: 0.1.9
Check: package dependencies
Result: ERROR Packages required but not available: 'dplyr', 'purrr', 'rvest', 'tibble' Package suggested but not available for checking: ‘testthat’ See section ‘The DESCRIPTION file’ in the ‘Writing R Extensions’ manual. Flavor: r-devel-linux-x86_64-debian-gcc