Last updated on 2023-06-05 23:09:41 CEST.
Flavor | Version | Tinstall | Tcheck | Ttotal | Status | Flags |
---|---|---|---|---|---|---|
r-devel-linux-x86_64-debian-clang | 2.4.0 | 3.96 | 31.40 | 35.36 | OK | |
r-devel-linux-x86_64-debian-gcc | 2.4.0 | 2.47 | 24.09 | 26.56 | OK | |
r-devel-linux-x86_64-fedora-clang | 2.4.0 | 49.38 | OK | |||
r-devel-linux-x86_64-fedora-gcc | 2.4.0 | 56.40 | OK | |||
r-devel-windows-x86_64 | 2.4.0 | 33.00 | 190.00 | 223.00 | NOTE | |
r-patched-linux-x86_64 | 2.4.0 | 3.39 | 30.29 | 33.68 | OK | |
r-release-linux-x86_64 | 2.4.0 | 3.13 | 29.53 | 32.66 | OK | |
r-release-macos-arm64 | 2.4.0 | 52.00 | NOTE | |||
r-release-macos-x86_64 | 2.4.0 | 56.00 | NOTE | |||
r-release-windows-x86_64 | 2.4.0 | 30.00 | 233.00 | 263.00 | NOTE | |
r-oldrel-macos-arm64 | 2.4.0 | 45.00 | NOTE | |||
r-oldrel-macos-x86_64 | 2.4.0 | 122.00 | NOTE | |||
r-oldrel-windows-x86_64 | 2.4.0 | 24.00 | 180.00 | 204.00 | NOTE |
Version: 2.4.0
Check: installed package size
Result: NOTE
installed size is 15.3Mb
sub-directories of 1Mb or more:
libs 14.9Mb
Flavors: r-devel-windows-x86_64, r-release-macos-arm64, r-release-macos-x86_64, r-release-windows-x86_64, r-oldrel-macos-arm64, r-oldrel-macos-x86_64, r-oldrel-windows-x86_64