Last updated on 2024-04-23 22:55:35 CEST.
Flavor | Version | Tinstall | Tcheck | Ttotal | Status | Flags |
---|---|---|---|---|---|---|
r-devel-linux-x86_64-debian-clang | 0.11-5 | 28.04 | 449.72 | 477.76 | NOTE | |
r-devel-linux-x86_64-debian-gcc | 0.11-5 | 24.58 | 302.46 | 327.04 | NOTE | |
r-devel-linux-x86_64-fedora-clang | 0.11-5 | 595.34 | NOTE | |||
r-devel-linux-x86_64-fedora-gcc | 0.11-5 | 604.03 | NOTE | |||
r-prerel-macos-arm64 | 0.11-5 | 132.00 | NOTE | |||
r-prerel-windows-x86_64 | 0.11-5 | 26.00 | 280.00 | 306.00 | NOTE | |
r-patched-linux-x86_64 | 0.11-5 | 29.28 | 419.35 | 448.63 | NOTE | |
r-release-linux-x86_64 | 0.11-5 | 29.30 | 421.84 | 451.14 | OK | |
r-release-macos-arm64 | 0.11-5 | 143.00 | OK | |||
r-release-macos-x86_64 | 0.11-5 | 263.00 | OK | |||
r-release-windows-x86_64 | 0.11-5 | 34.00 | 384.00 | 418.00 | OK | |
r-oldrel-macos-arm64 | 0.11-5 | 141.00 | OK | |||
r-oldrel-windows-x86_64 | 0.11-5 | 33.00 | 375.00 | 408.00 | OK |
Version: 0.11-5
Check: Rd files
Result: NOTE
checkRd: (-1) LBA-race.Rd:157: Lost braces
157 | corresponding (and not first) accumulator winning see /code{/link{LBA}}.
| ^
checkRd: (-1) LBA-race.Rd:157: Lost braces
157 | corresponding (and not first) accumulator winning see /code{/link{LBA}}.
| ^
Flavors: r-devel-linux-x86_64-debian-clang, r-devel-linux-x86_64-debian-gcc, r-devel-linux-x86_64-fedora-clang, r-devel-linux-x86_64-fedora-gcc, r-prerel-macos-arm64, r-prerel-windows-x86_64, r-patched-linux-x86_64