Last updated on 2023-06-04 23:00:11 CEST.
Flavor | Version | Tinstall | Tcheck | Ttotal | Status | Flags |
---|---|---|---|---|---|---|
r-devel-linux-x86_64-debian-clang | 5.0.0 | 9.35 | 224.95 | 234.30 | OK | |
r-devel-linux-x86_64-debian-gcc | 5.0.0 | 6.82 | 167.29 | 174.11 | OK | |
r-devel-linux-x86_64-fedora-clang | 5.0.0 | 305.19 | NOTE | |||
r-devel-linux-x86_64-fedora-gcc | 5.0.0 | 301.15 | NOTE | |||
r-devel-windows-x86_64 | 5.0.0 | 10.00 | 195.00 | 205.00 | OK | |
r-patched-linux-x86_64 | 5.0.0 | 8.57 | 211.29 | 219.86 | OK | |
r-release-linux-x86_64 | 5.0.0 | 9.16 | 209.15 | 218.31 | OK | |
r-release-macos-arm64 | 5.0.0 | 99.00 | OK | |||
r-release-macos-x86_64 | 5.0.0 | 153.00 | OK | |||
r-release-windows-x86_64 | 5.0.0 | 12.00 | 238.00 | 250.00 | OK | |
r-oldrel-macos-arm64 | 5.0.0 | 85.00 | NOTE | |||
r-oldrel-macos-x86_64 | 5.0.0 | 140.00 | NOTE | |||
r-oldrel-windows-x86_64 | 5.0.0 | 13.00 | 235.00 | 248.00 | OK |
Version: 5.0.0
Check: dependencies in R code
Result: NOTE
Namespaces in Imports field not imported from:
‘DescTools’ ‘MASS’ ‘gridExtra’
All declared Imports should be used.
Flavors: r-devel-linux-x86_64-fedora-clang, r-devel-linux-x86_64-fedora-gcc, r-oldrel-macos-arm64, r-oldrel-macos-x86_64