CRAN Package Check Results for Package rtika

Last updated on 2021-04-10 22:52:37 CEST.

Flavor Version Tinstall Tcheck Ttotal Status Flags
r-devel-linux-x86_64-debian-clang 1.24.1 2.71 30.97 33.68 NOTE
r-devel-linux-x86_64-debian-gcc 1.24.1 2.20 24.34 26.54 NOTE
r-devel-linux-x86_64-fedora-clang 1.24.1 46.76 NOTE
r-devel-linux-x86_64-fedora-gcc 1.24.1 37.58 NOTE
r-devel-windows-ix86+x86_64 1.24.1 8.00 38.00 46.00 NOTE
r-devel-windows-x86_64-gcc10-UCRT 1.24.1 NOTE
r-patched-linux-x86_64 1.24.1 2.35 29.41 31.76 OK
r-patched-solaris-x86 1.24.1 67.20 OK
r-release-linux-x86_64 1.24.1 2.62 29.54 32.16 OK
r-release-macos-x86_64 1.24.1 OK
r-release-windows-ix86+x86_64 1.24.1 6.00 53.00 59.00 OK
r-oldrel-macos-x86_64 1.24.1 OK
r-oldrel-windows-ix86+x86_64 1.24.1 6.00 36.00 42.00 OK

Check Details

Version: 1.24.1
Check: LazyData
Result: NOTE
     'LazyData' is specified without a 'data' directory
Flavors: r-devel-linux-x86_64-debian-clang, r-devel-linux-x86_64-debian-gcc, r-devel-linux-x86_64-fedora-clang, r-devel-linux-x86_64-fedora-gcc, r-devel-windows-ix86+x86_64, r-devel-windows-x86_64-gcc10-UCRT