CRAN Package Check Results for Package rtip

Last updated on 2024-06-13 22:49:43 CEST.

Flavor Version Tinstall Tcheck Ttotal Status Flags
r-devel-linux-x86_64-debian-clang 1.1.1 7.65 59.48 67.13 OK
r-devel-linux-x86_64-debian-gcc 1.1.1 0.35 1.70 2.05 ERROR
r-devel-linux-x86_64-fedora-clang 1.1.1 86.47 OK
r-devel-linux-x86_64-fedora-gcc 1.1.1 81.42 OK
r-devel-windows-x86_64 1.1.1 8.00 67.00 75.00 OK
r-patched-linux-x86_64 1.1.1 6.56 57.47 64.03 OK
r-release-linux-x86_64 1.1.1 6.35 57.58 63.93 OK
r-release-macos-arm64 1.1.1 28.00 OK
r-release-macos-x86_64 1.1.1 45.00 OK
r-release-windows-x86_64 1.1.1 7.00 68.00 75.00 OK
r-oldrel-macos-arm64 1.1.1 27.00 OK
r-oldrel-macos-x86_64 1.1.1 41.00 OK
r-oldrel-windows-x86_64 1.1.1 10.00 73.00 83.00 OK

Check Details

Version: 1.1.1
Check: package dependencies
Result: ERROR Package required but not available: ‘ggplot2’ See section ‘The DESCRIPTION file’ in the ‘Writing R Extensions’ manual. Flavor: r-devel-linux-x86_64-debian-gcc