CRAN Package Check Results for Package rtry

Last updated on 2023-12-04 22:57:53 CET.

Flavor Version Tinstall Tcheck Ttotal Status Flags
r-devel-linux-x86_64-debian-clang 1.1.0 3.38 40.83 44.21 OK
r-devel-linux-x86_64-debian-gcc 1.1.0 2.78 30.88 33.66 OK
r-devel-linux-x86_64-fedora-clang 1.1.0 56.63 NOTE
r-devel-linux-x86_64-fedora-gcc 1.1.0 63.16 NOTE
r-devel-windows-x86_64 1.1.0 4.00 58.00 62.00 OK
r-patched-linux-x86_64 1.1.0 2.47 39.49 41.96 OK
r-release-linux-x86_64 1.1.0 2.02 38.63 40.65 OK
r-release-macos-arm64 1.1.0 29.00 OK
r-release-macos-x86_64 1.1.0 53.00 OK
r-release-windows-x86_64 1.1.0 5.00 60.00 65.00 OK
r-oldrel-macos-arm64 1.1.0 27.00 OK
r-oldrel-macos-x86_64 1.1.0 38.00 OK
r-oldrel-windows-x86_64 1.1.0 5.00 61.00 66.00 OK

Check Details

Version: 1.1.0
Check: dependencies in R code
Result: NOTE Namespace in Imports field not imported from: ‘curl’ All declared Imports should be used. Flavors: r-devel-linux-x86_64-fedora-clang, r-devel-linux-x86_64-fedora-gcc

Version: 1.1.0
Check: data for non-ASCII characters
Result: NOTE Note: found 2023 marked Latin-1 strings Note: found 17 marked UTF-8 strings Flavors: r-devel-linux-x86_64-fedora-clang, r-devel-linux-x86_64-fedora-gcc