Last updated on 2023-12-05 23:05:35 CET.
Flavor | Version | Tinstall | Tcheck | Ttotal | Status | Flags |
---|---|---|---|---|---|---|
r-devel-linux-x86_64-debian-clang | 0.1.5 | 34.00 | 170.79 | 204.79 | WARN | |
r-devel-linux-x86_64-debian-gcc | 0.1.5 | 21.11 | 122.38 | 143.49 | OK | |
r-devel-linux-x86_64-fedora-clang | 0.1.5 | 262.79 | WARN | |||
r-devel-linux-x86_64-fedora-gcc | 0.1.5 | 266.72 | OK | |||
r-devel-windows-x86_64 | 0.1.5 | 25.00 | 180.00 | 205.00 | OK | |
r-patched-linux-x86_64 | 0.1.5 | 26.55 | 166.21 | 192.76 | OK | |
r-release-linux-x86_64 | 0.1.5 | 25.00 | 165.88 | 190.88 | OK | |
r-release-macos-arm64 | 0.1.5 | 75.00 | OK | |||
r-release-macos-x86_64 | 0.1.5 | 208.00 | OK | |||
r-release-windows-x86_64 | 0.1.5 | 24.00 | 210.00 | 234.00 | OK | |
r-oldrel-macos-arm64 | 0.1.5 | 70.00 | OK | |||
r-oldrel-macos-x86_64 | 0.1.5 | 96.00 | OK | |||
r-oldrel-windows-x86_64 | 0.1.5 | 29.00 | 212.00 | 241.00 | OK |
Version: 0.1.5
Check: whether package can be installed
Result: WARN
Found the following significant warnings:
RcppExports.cpp:48:18: warning: format string is not a string literal (potentially insecure) [-Wformat-security]
RcppExports.cpp:84:18: warning: format string is not a string literal (potentially insecure) [-Wformat-security]
RcppExports.cpp:122:18: warning: format string is not a string literal (potentially insecure) [-Wformat-security]
RcppExports.cpp:158:18: warning: format string is not a string literal (potentially insecure) [-Wformat-security]
RcppExports.cpp:193:18: warning: format string is not a string literal (potentially insecure) [-Wformat-security]
RcppExports.cpp:229:18: warning: format string is not a string literal (potentially insecure) [-Wformat-security]
See ‘/home/hornik/tmp/R.check/r-devel-clang/Work/PKGS/rucrdtw.Rcheck/00install.out’ for details.
* used C++ compiler: ‘Debian clang version 17.0.5 (1)’
Flavor: r-devel-linux-x86_64-debian-clang
Version: 0.1.5
Check: whether package can be installed
Result: WARN
Found the following significant warnings:
RcppExports.cpp:48:18: warning: format string is not a string literal (potentially insecure) [-Wformat-security]
RcppExports.cpp:84:18: warning: format string is not a string literal (potentially insecure) [-Wformat-security]
RcppExports.cpp:122:18: warning: format string is not a string literal (potentially insecure) [-Wformat-security]
RcppExports.cpp:158:18: warning: format string is not a string literal (potentially insecure) [-Wformat-security]
RcppExports.cpp:193:18: warning: format string is not a string literal (potentially insecure) [-Wformat-security]
RcppExports.cpp:229:18: warning: format string is not a string literal (potentially insecure) [-Wformat-security]
See ‘/data/gannet/ripley/R/packages/tests-clang/rucrdtw.Rcheck/00install.out’ for details.
* used C++ compiler: ‘clang version 17.0.5’
Flavor: r-devel-linux-x86_64-fedora-clang