Last updated on 2025-04-30 22:51:07 CEST.
Flavor | Version | Tinstall | Tcheck | Ttotal | Status | Flags |
---|---|---|---|---|---|---|
r-devel-linux-x86_64-debian-clang | 1.5-3 | 87.87 | 272.62 | 360.49 | OK | |
r-devel-linux-x86_64-debian-gcc | 1.5-3 | 54.76 | 167.77 | 222.53 | OK | |
r-devel-linux-x86_64-fedora-clang | 1.5-3 | 636.91 | OK | |||
r-devel-linux-x86_64-fedora-gcc | 1.5-3 | 587.02 | OK | |||
r-devel-windows-x86_64 | 1.5-3 | 85.00 | 280.00 | 365.00 | OK | |
r-patched-linux-x86_64 | 1.5-3 | 88.90 | 264.23 | 353.13 | OK | |
r-release-linux-x86_64 | 1.5-3 | 81.51 | 262.69 | 344.20 | OK | |
r-release-macos-arm64 | 1.5-3 | 158.00 | OK | |||
r-release-macos-x86_64 | 1.5-3 | 329.00 | OK | |||
r-release-windows-x86_64 | 1.5-3 | 92.00 | 286.00 | 378.00 | OK | |
r-oldrel-macos-arm64 | 1.5-3 | 137.00 | NOTE | |||
r-oldrel-macos-x86_64 | 1.5-3 | 263.00 | NOTE | |||
r-oldrel-windows-x86_64 | 1.5-3 | 112.00 | 361.00 | 473.00 | NOTE |
Version: 1.5-3
Check: installed package size
Result: NOTE
installed size is 7.7Mb
sub-directories of 1Mb or more:
R 3.1Mb
libs 2.4Mb
Flavors: r-oldrel-macos-arm64, r-oldrel-macos-x86_64, r-oldrel-windows-x86_64