CRAN Package Check Results for Package runjags

Last updated on 2018-01-20 22:47:20 CET.

Flavor Version Tinstall Tcheck Ttotal Status Flags
r-devel-linux-x86_64-debian-clang 2.0.4-2 9.45 145.68 155.13 NOTE --no-tests
r-devel-linux-x86_64-debian-gcc 2.0.4-2 6.81 107.07 113.88 NOTE --no-tests
r-devel-linux-x86_64-fedora-clang 2.0.4-2 158.70 NOTE
r-devel-linux-x86_64-fedora-gcc 2.0.4-2 246.54 NOTE
r-devel-windows-ix86+x86_64 2.0.4-2 32.00 132.00 164.00 OK --no-examples --no-tests --no-vignettes
r-patched-linux-x86_64 2.0.4-2 8.21 154.09 162.30 NOTE --no-tests
r-patched-solaris-x86 2.0.4-2 477.20 OK
r-release-linux-x86_64 2.0.4-2 8.04 150.35 158.39 NOTE --no-tests
r-release-windows-ix86+x86_64 2.0.4-2 37.00 113.00 150.00 OK --no-examples --no-tests --no-vignettes
r-release-osx-x86_64 2.0.4-2 OK
r-oldrel-windows-ix86+x86_64 2.0.4-2 34.00 115.00 149.00 OK --no-examples --no-tests --no-vignettes
r-oldrel-osx-x86_64 2.0.4-2 OK

Check Details

Version: 2.0.4-2
Flags: --no-tests
Check: compiled code
Result: NOTE
    File ‘runjags/libs/runjags.so’:
     Found no calls to: ‘R_registerRoutines’, ‘R_useDynamicSymbols’
    
    It is good practice to register native routines and to disable symbol
    search.
    
    See ‘Writing portable packages’ in the ‘Writing R Extensions’ manual.
Flavors: r-devel-linux-x86_64-debian-clang, r-devel-linux-x86_64-debian-gcc, r-patched-linux-x86_64, r-release-linux-x86_64

Version: 2.0.4-2
Check: compiled code
Result: NOTE
    File ‘runjags/libs/runjags.so’:
     Found no calls to: ‘R_registerRoutines’, ‘R_useDynamicSymbols’
    
    It is good practice to register native routines and to disable symbol
    search.
    
    See ‘Writing portable packages’ in the ‘Writing R Extensions’ manual.
Flavors: r-devel-linux-x86_64-fedora-clang, r-devel-linux-x86_64-fedora-gcc