CRAN Package Check Results for Package runjags

Last updated on 2018-10-17 22:52:06 CEST.

Flavor Version Tinstall Tcheck Ttotal Status Flags
r-devel-linux-x86_64-debian-clang 2.0.4-2 30.31 83.78 114.09 OK --no-examples --no-tests --no-vignettes
r-devel-linux-x86_64-debian-gcc 2.0.4-2 22.72 64.80 87.52 OK --no-examples --no-tests --no-vignettes
r-devel-linux-x86_64-fedora-clang 2.0.4-2 241.00 NOTE
r-devel-linux-x86_64-fedora-gcc 2.0.4-2 225.68 NOTE
r-devel-windows-ix86+x86_64 2.0.4-2 62.00 97.00 159.00 OK --no-examples --no-tests --no-vignettes
r-patched-linux-x86_64 2.0.4-2 27.01 82.67 109.68 OK --no-examples --no-tests --no-vignettes
r-patched-solaris-x86 2.0.4-2 413.90 OK
r-release-linux-x86_64 2.0.4-2 25.90 83.86 109.76 OK --no-examples --no-tests --no-vignettes
r-release-windows-ix86+x86_64 2.0.4-2 46.00 133.00 179.00 OK --no-examples --no-tests --no-vignettes
r-release-osx-x86_64 2.0.4-2 OK
r-oldrel-windows-ix86+x86_64 2.0.4-2 43.00 104.00 147.00 OK --no-examples --no-tests --no-vignettes
r-oldrel-osx-x86_64 2.0.4-2 OK

Check Details

Version: 2.0.4-2
Check: compiled code
Result: NOTE
    File ‘runjags/libs/runjags.so’:
     Found no calls to: ‘R_registerRoutines’, ‘R_useDynamicSymbols’
    
    It is good practice to register native routines and to disable symbol
    search.
    
    See ‘Writing portable packages’ in the ‘Writing R Extensions’ manual.
Flavors: r-devel-linux-x86_64-fedora-clang, r-devel-linux-x86_64-fedora-gcc