CRAN Package Check Results for Package runjags

Last updated on 2018-07-20 22:50:36 CEST.

Flavor Version Tinstall Tcheck Ttotal Status Flags
r-devel-linux-x86_64-debian-clang 2.0.4-2 27.87 115.98 143.85 NOTE --no-tests
r-devel-linux-x86_64-debian-gcc 2.0.4-2 21.99 87.45 109.44 NOTE --no-tests
r-devel-linux-x86_64-fedora-clang 2.0.4-2 238.93 NOTE
r-devel-linux-x86_64-fedora-gcc 2.0.4-2 175.44 NOTE
r-devel-windows-ix86+x86_64 2.0.4-2 43.00 124.00 167.00 OK --no-examples --no-tests --no-vignettes
r-patched-linux-x86_64 2.0.4-2 21.29 114.32 135.61 NOTE --no-tests
r-patched-solaris-x86 2.0.4-2 418.70 OK
r-release-linux-x86_64 2.0.4-2 26.23 113.91 140.14 NOTE --no-tests
r-release-windows-ix86+x86_64 2.0.4-2 63.00 110.00 173.00 OK --no-examples --no-tests --no-vignettes
r-release-osx-x86_64 2.0.4-2 OK
r-oldrel-windows-ix86+x86_64 2.0.4-2 38.00 87.00 125.00 OK --no-examples --no-tests --no-vignettes
r-oldrel-osx-x86_64 2.0.4-2 OK

Check Details

Version: 2.0.4-2
Flags: --no-tests
Check: compiled code
Result: NOTE
    File ‘runjags/libs/runjags.so’:
     Found no calls to: ‘R_registerRoutines’, ‘R_useDynamicSymbols’
    
    It is good practice to register native routines and to disable symbol
    search.
    
    See ‘Writing portable packages’ in the ‘Writing R Extensions’ manual.
Flavors: r-devel-linux-x86_64-debian-clang, r-devel-linux-x86_64-debian-gcc, r-patched-linux-x86_64, r-release-linux-x86_64

Version: 2.0.4-2
Check: compiled code
Result: NOTE
    File ‘runjags/libs/runjags.so’:
     Found no calls to: ‘R_registerRoutines’, ‘R_useDynamicSymbols’
    
    It is good practice to register native routines and to disable symbol
    search.
    
    See ‘Writing portable packages’ in the ‘Writing R Extensions’ manual.
Flavors: r-devel-linux-x86_64-fedora-clang, r-devel-linux-x86_64-fedora-gcc