Last updated on 2024-05-03 22:53:24 CEST.
Flavor | Version | Tinstall | Tcheck | Ttotal | Status | Flags |
---|---|---|---|---|---|---|
r-devel-linux-x86_64-debian-clang | 0.0.3 | 5.68 | 46.99 | 52.67 | NOTE | |
r-devel-linux-x86_64-fedora-clang | 0.0.3 | 67.61 | NOTE | |||
r-devel-linux-x86_64-fedora-gcc | 0.0.3 | 67.03 | NOTE | |||
r-devel-windows-x86_64 | 0.0.3 | 9.00 | 54.00 | 63.00 | NOTE | |
r-patched-linux-x86_64 | 0.0.3 | 6.18 | 45.35 | 51.53 | NOTE | |
r-release-linux-x86_64 | 0.0.3 | 3.06 | 44.15 | 47.21 | NOTE | |
r-release-macos-arm64 | 0.0.3 | 24.00 | NOTE | |||
r-release-windows-x86_64 | 0.0.3 | 7.00 | 55.00 | 62.00 | NOTE | |
r-oldrel-macos-arm64 | 0.0.3 | 26.00 | NOTE | |||
r-oldrel-macos-x86_64 | 0.0.3 | 33.00 | NOTE | |||
r-oldrel-windows-x86_64 | 0.0.3 | 7.00 | 59.00 | 66.00 | NOTE |
Version: 0.0.3
Check: LazyData
Result: NOTE
'LazyData' is specified without a 'data' directory
Flavors: r-devel-linux-x86_64-debian-clang, r-devel-linux-x86_64-fedora-clang, r-devel-linux-x86_64-fedora-gcc, r-devel-windows-x86_64, r-patched-linux-x86_64, r-release-linux-x86_64, r-release-macos-arm64, r-release-windows-x86_64, r-oldrel-macos-arm64, r-oldrel-macos-x86_64, r-oldrel-windows-x86_64