CRAN Package Check Results for Package rwalkr

Last updated on 2021-04-16 22:51:11 CEST.

Flavor Version Tinstall Tcheck Ttotal Status Flags
r-devel-linux-x86_64-debian-clang 0.5.5 2.07 23.92 25.99 NOTE
r-devel-linux-x86_64-debian-gcc 0.5.5 1.81 19.00 20.81 NOTE
r-devel-linux-x86_64-fedora-clang 0.5.5 43.25 NOTE
r-devel-linux-x86_64-fedora-gcc 0.5.5 32.11 NOTE
r-devel-windows-ix86+x86_64 0.5.5 6.00 32.00 38.00 NOTE
r-devel-windows-x86_64-gcc10-UCRT 0.5.5 NOTE
r-patched-linux-x86_64 0.5.5 2.43 23.03 25.46 OK
r-patched-solaris-x86 0.5.5 48.20 OK
r-release-linux-x86_64 0.5.5 2.35 22.92 25.27 OK
r-release-macos-x86_64 0.5.5 OK
r-release-windows-ix86+x86_64 0.5.5 7.00 40.00 47.00 OK
r-oldrel-macos-x86_64 0.5.5 OK
r-oldrel-windows-ix86+x86_64 0.5.5 4.00 37.00 41.00 OK

Check Details

Version: 0.5.5
Check: LazyData
Result: NOTE
     'LazyData' is specified without a 'data' directory
Flavors: r-devel-linux-x86_64-debian-clang, r-devel-linux-x86_64-debian-gcc, r-devel-linux-x86_64-fedora-clang, r-devel-linux-x86_64-fedora-gcc, r-devel-windows-ix86+x86_64, r-devel-windows-x86_64-gcc10-UCRT