Last updated on 2024-04-23 22:55:35 CEST.
Flavor | Version | Tinstall | Tcheck | Ttotal | Status | Flags |
---|---|---|---|---|---|---|
r-devel-linux-x86_64-debian-clang | 0.2 | 29.77 | 26.43 | 56.20 | NOTE | |
r-devel-linux-x86_64-debian-gcc | 0.2 | 20.67 | 20.45 | 41.12 | NOTE | |
r-devel-linux-x86_64-fedora-clang | 0.2 | 78.97 | NOTE | |||
r-devel-linux-x86_64-fedora-gcc | 0.2 | 73.38 | NOTE | |||
r-prerel-macos-arm64 | 0.2 | 22.00 | NOTE | |||
r-prerel-windows-x86_64 | 0.2 | 21.00 | 60.00 | 81.00 | NOTE | |
r-patched-linux-x86_64 | 0.2 | 24.78 | 25.75 | 50.53 | NOTE | |
r-release-linux-x86_64 | 0.2 | 29.62 | 25.09 | 54.71 | NOTE | |
r-release-macos-arm64 | 0.2 | 23.00 | NOTE | |||
r-release-macos-x86_64 | 0.2 | 35.00 | NOTE | |||
r-release-windows-x86_64 | 0.2 | 22.00 | 69.00 | 91.00 | NOTE | |
r-oldrel-macos-arm64 | 0.2 | 22.00 | NOTE | |||
r-oldrel-windows-x86_64 | 0.2 | 26.00 | 70.00 | 96.00 | NOTE |
Version: 0.2
Check: LazyData
Result: NOTE
'LazyData' is specified without a 'data' directory
Flavors: r-devel-linux-x86_64-debian-clang, r-devel-linux-x86_64-debian-gcc, r-devel-linux-x86_64-fedora-clang, r-devel-linux-x86_64-fedora-gcc, r-prerel-macos-arm64, r-prerel-windows-x86_64, r-patched-linux-x86_64, r-release-linux-x86_64, r-release-macos-arm64, r-release-macos-x86_64, r-release-windows-x86_64, r-oldrel-macos-arm64, r-oldrel-windows-x86_64
Version: 0.2
Check: compiled code
Result: NOTE
File ‘rwfec/libs/rwfec.so’:
Found no calls to: ‘R_registerRoutines’, ‘R_useDynamicSymbols’
It is good practice to register native routines and to disable symbol
search.
See ‘Writing portable packages’ in the ‘Writing R Extensions’ manual.
Flavors: r-devel-linux-x86_64-fedora-clang, r-devel-linux-x86_64-fedora-gcc