Last updated on 2023-02-01 21:55:05 CET.
Flavor | Version | Tinstall | Tcheck | Ttotal | Status | Flags |
---|---|---|---|---|---|---|
r-devel-linux-x86_64-debian-clang | 1.3-6 | 11.73 | 147.63 | 159.36 | NOTE | |
r-devel-linux-x86_64-debian-gcc | 1.3-6 | 10.04 | 110.41 | 120.45 | NOTE | |
r-devel-linux-x86_64-fedora-clang | 1.3-6 | 215.55 | NOTE | |||
r-devel-linux-x86_64-fedora-gcc | 1.3-6 | 213.42 | NOTE | |||
r-patched-linux-x86_64 | 1.3-6 | 12.44 | 137.30 | 149.74 | OK | |
r-release-linux-x86_64 | 1.3-6 | 11.67 | 143.22 | 154.89 | OK | |
r-release-macos-arm64 | 1.3-6 | 66.00 | OK | |||
r-release-macos-x86_64 | 1.3-6 | 124.00 | OK | |||
r-release-windows-x86_64 | 1.3-6 | 46.00 | 266.00 | 312.00 | OK | |
r-oldrel-macos-arm64 | 1.3-6 | 81.00 | OK | |||
r-oldrel-macos-x86_64 | 1.3-6 | 127.00 | OK | |||
r-oldrel-windows-ix86+x86_64 | 1.3-6 | 36.00 | 216.00 | 252.00 | OK |
Version: 1.3-6
Check: Rd files
Result: NOTE
checkRd: (-1) mapBubbles.Rd:62: Escaped LaTeX specials: \$
Flavors: r-devel-linux-x86_64-debian-clang, r-devel-linux-x86_64-debian-gcc, r-devel-linux-x86_64-fedora-clang, r-devel-linux-x86_64-fedora-gcc