Last updated on 2023-06-04 23:00:11 CEST.
Flavor | Version | Tinstall | Tcheck | Ttotal | Status | Flags |
---|---|---|---|---|---|---|
r-devel-linux-x86_64-debian-clang | 2.0.10 | 103.01 | 70.09 | 173.10 | OK | |
r-devel-linux-x86_64-debian-gcc | 2.0.10 | 76.85 | 51.48 | 128.33 | OK | |
r-devel-linux-x86_64-fedora-clang | 2.0.10 | 222.62 | OK | |||
r-devel-linux-x86_64-fedora-gcc | 2.0.10 | 238.72 | OK | |||
r-devel-windows-x86_64 | 2.0.10 | 80.00 | 96.00 | 176.00 | OK | |
r-patched-linux-x86_64 | 2.0.10 | 81.45 | 64.53 | 145.98 | OK | |
r-release-linux-x86_64 | 2.0.10 | 72.20 | 63.15 | 135.35 | OK | |
r-release-macos-arm64 | 2.0.10 | 61.00 | NOTE | |||
r-release-macos-x86_64 | 2.0.10 | 100.00 | NOTE | |||
r-release-windows-x86_64 | 2.0.10 | 100.00 | 112.00 | 212.00 | OK | |
r-oldrel-macos-arm64 | 2.0.10 | 50.00 | NOTE | |||
r-oldrel-macos-x86_64 | 2.0.10 | 76.00 | NOTE | |||
r-oldrel-windows-x86_64 | 2.0.10 | 78.00 | 107.00 | 185.00 | OK |
Version: 2.0.10
Check: installed package size
Result: NOTE
installed size is 7.2Mb
sub-directories of 1Mb or more:
libs 7.0Mb
Flavors: r-release-macos-arm64, r-release-macos-x86_64, r-oldrel-macos-arm64, r-oldrel-macos-x86_64