Last updated on 2023-09-24 22:59:51 CEST.
Flavor | Version | Tinstall | Tcheck | Ttotal | Status | Flags |
---|---|---|---|---|---|---|
r-devel-linux-x86_64-debian-clang | 2.0.16 | 329.84 | 50.73 | 380.57 | OK | |
r-devel-linux-x86_64-debian-gcc | 2.0.16 | 143.13 | 38.29 | 181.42 | OK | |
r-devel-linux-x86_64-fedora-clang | 2.0.16 | 349.60 | OK | |||
r-devel-linux-x86_64-fedora-gcc | 2.0.16 | 352.22 | OK | |||
r-devel-windows-x86_64 | 2.0.16 | 124.00 | 93.00 | 217.00 | OK | |
r-patched-linux-x86_64 | 2.0.16 | 177.65 | 49.53 | 227.18 | OK | |
r-release-linux-x86_64 | 2.0.16 | 181.51 | 48.75 | 230.26 | OK | |
r-release-macos-arm64 | 2.0.16 | 164.00 | NOTE | |||
r-release-macos-x86_64 | 2.0.16 | 167.00 | NOTE | |||
r-release-windows-x86_64 | 2.0.16 | 161.00 | 105.00 | 266.00 | OK | |
r-oldrel-macos-arm64 | 2.0.16 | 165.00 | NOTE | |||
r-oldrel-macos-x86_64 | 2.0.16 | 373.00 | NOTE | |||
r-oldrel-windows-x86_64 | 2.0.16 | 153.00 | 96.00 | 249.00 | OK |
Version: 2.0.16
Check: installed package size
Result: NOTE
installed size is 36.7Mb
sub-directories of 1Mb or more:
libs 36.4Mb
Flavors: r-release-macos-arm64, r-release-macos-x86_64, r-oldrel-macos-arm64, r-oldrel-macos-x86_64