Last updated on 2024-04-19 22:56:01 CEST.
Flavor | Version | Tinstall | Tcheck | Ttotal | Status | Flags |
---|---|---|---|---|---|---|
r-devel-linux-x86_64-debian-clang | 2.0.13 | 103.85 | 46.15 | 150.00 | OK | |
r-devel-linux-x86_64-debian-gcc | 2.0.13 | OK | ||||
r-devel-linux-x86_64-fedora-clang | 2.0.13 | 206.46 | OK | |||
r-devel-linux-x86_64-fedora-gcc | 2.0.13 | 220.69 | OK | |||
r-prerel-macos-arm64 | 2.0.13 | 52.00 | NOTE | |||
r-prerel-macos-x86_64 | 2.0.13 | 97.00 | NOTE | |||
r-prerel-windows-x86_64 | 2.0.13 | 87.00 | 90.00 | 177.00 | OK | |
r-patched-linux-x86_64 | 2.0.13 | 104.56 | 42.64 | 147.20 | OK | |
r-release-linux-x86_64 | 2.0.13 | 105.08 | 43.36 | 148.44 | OK | |
r-release-macos-arm64 | 2.0.13 | 55.00 | NOTE | |||
r-release-macos-x86_64 | 2.0.13 | 79.00 | NOTE | |||
r-release-windows-x86_64 | 2.0.13 | 109.00 | 101.00 | 210.00 | OK | |
r-oldrel-macos-arm64 | 2.0.13 | 53.00 | NOTE | |||
r-oldrel-windows-x86_64 | 2.0.13 | 98.00 | 89.00 | 187.00 | OK |
Version: 2.0.13
Check: installed package size
Result: NOTE
installed size is 6.8Mb
sub-directories of 1Mb or more:
libs 6.6Mb
Flavors: r-prerel-macos-arm64, r-prerel-macos-x86_64, r-release-macos-arm64, r-release-macos-x86_64, r-oldrel-macos-arm64