Last updated on 2023-09-24 22:59:51 CEST.
Flavor | Version | Tinstall | Tcheck | Ttotal | Status | Flags |
---|---|---|---|---|---|---|
r-devel-linux-x86_64-debian-clang | 2.0.11 | 110.39 | 40.10 | 150.49 | OK | |
r-devel-linux-x86_64-debian-gcc | 2.0.11 | 76.04 | 30.46 | 106.50 | OK | |
r-devel-linux-x86_64-fedora-clang | 2.0.11 | 199.03 | OK | |||
r-devel-linux-x86_64-fedora-gcc | 2.0.11 | 211.86 | OK | |||
r-devel-windows-x86_64 | 2.0.11 | 81.00 | 84.00 | 165.00 | OK | |
r-patched-linux-x86_64 | 2.0.11 | 99.01 | 39.00 | 138.01 | OK | |
r-release-linux-x86_64 | 2.0.11 | 99.66 | 38.26 | 137.92 | OK | |
r-release-macos-arm64 | 2.0.11 | 54.00 | NOTE | |||
r-release-macos-x86_64 | 2.0.11 | 89.00 | NOTE | |||
r-release-windows-x86_64 | 2.0.11 | 109.00 | 90.00 | 199.00 | OK | |
r-oldrel-macos-arm64 | 2.0.11 | 55.00 | NOTE | |||
r-oldrel-macos-x86_64 | 2.0.11 | 69.00 | NOTE | |||
r-oldrel-windows-x86_64 | 2.0.11 | 95.00 | 122.00 | 217.00 | OK |
Version: 2.0.11
Check: installed package size
Result: NOTE
installed size is 6.8Mb
sub-directories of 1Mb or more:
libs 6.6Mb
Flavors: r-release-macos-arm64, r-release-macos-x86_64, r-oldrel-macos-arm64, r-oldrel-macos-x86_64