Last updated on 2024-03-28 23:01:57 CET.
Flavor | Version | Tinstall | Tcheck | Ttotal | Status | Flags |
---|---|---|---|---|---|---|
r-devel-linux-x86_64-debian-clang | 0.2.0 | 24.91 | 77.01 | 101.92 | NOTE | |
r-devel-linux-x86_64-debian-gcc | 0.2.0 | 17.81 | 58.75 | 76.56 | NOTE | |
r-devel-linux-x86_64-fedora-clang | 0.2.0 | 133.09 | NOTE | |||
r-devel-linux-x86_64-fedora-gcc | 0.2.0 | 312.63 | NOTE | |||
r-devel-windows-x86_64 | 0.2.0 | 22.00 | 93.00 | 115.00 | NOTE | |
r-patched-linux-x86_64 | 0.2.0 | 26.47 | 75.08 | 101.55 | NOTE | |
r-release-linux-x86_64 | 0.2.0 | 26.86 | 74.28 | 101.14 | OK | |
r-release-macos-arm64 | 0.2.0 | 91.00 | OK | |||
r-release-macos-x86_64 | 0.2.0 | 123.00 | OK | |||
r-release-windows-x86_64 | 0.2.0 | 26.00 | 112.00 | 138.00 | OK | |
r-oldrel-macos-arm64 | 0.2.0 | 77.00 | OK | |||
r-oldrel-windows-x86_64 | 0.2.0 | 25.00 | 105.00 | 130.00 | OK |
Version: 0.2.0
Check: Rd files
Result: NOTE
checkRd: (-1) setData.ReducedRankRegressions.Rd:14-16: Lost braces in \itemize; meant \describe ?
checkRd: (-1) setData.ReducedRankRegressions.Rd:17-18: Lost braces in \itemize; meant \describe ?
Flavors: r-devel-linux-x86_64-debian-clang, r-devel-linux-x86_64-debian-gcc, r-devel-linux-x86_64-fedora-clang, r-devel-linux-x86_64-fedora-gcc, r-devel-windows-x86_64, r-patched-linux-x86_64
Version: 0.2.0
Check: compiled code
Result: NOTE
File ‘sBIC/libs/sBIC.so’:
Found no calls to: ‘R_registerRoutines’, ‘R_useDynamicSymbols’
It is good practice to register native routines and to disable symbol
search.
See ‘Writing portable packages’ in the ‘Writing R Extensions’ manual.
Flavors: r-devel-linux-x86_64-fedora-clang, r-devel-linux-x86_64-fedora-gcc