CRAN Package Check Results for Package sadists

Last updated on 2024-06-17 22:54:10 CEST.

Flavor Version Tinstall Tcheck Ttotal Status Flags
r-devel-linux-x86_64-debian-clang 0.2.5 3.44 83.90 87.34 OK
r-devel-linux-x86_64-debian-gcc 0.2.5 2.89 63.02 65.91 OK
r-devel-linux-x86_64-fedora-clang 0.2.5 108.12 OK
r-devel-linux-x86_64-fedora-gcc 0.2.5 119.95 OK
r-devel-windows-x86_64 0.2.5 4.00 99.00 103.00 OK
r-patched-linux-x86_64 0.2.5 4.54 80.72 85.26 OK
r-release-linux-x86_64 0.2.5 2.75 78.43 81.18 OK
r-release-macos-arm64 0.2.5 39.00 OK
r-release-macos-x86_64 0.2.5 57.00 WARN
r-release-windows-x86_64 0.2.5 5.00 98.00 103.00 OK
r-oldrel-macos-arm64 0.2.5 48.00 OK
r-oldrel-macos-x86_64 0.2.5 86.00 OK
r-oldrel-windows-x86_64 0.2.5 5.00 104.00 109.00 OK

Check Details

Version: 0.2.5
Check: re-building of vignette outputs
Result: WARN Error(s) in re-building vignettes: ... --- re-building ‘sadists.Rnw’ using knitr Error: processing vignette 'sadists.Rnw' failed with diagnostics: Running 'texi2dvi' on 'sadists.tex' failed. LaTeX errors: ! Undefined control sequence. l.352 \hlkwd{require}\hldef {(ggplot2)} ? ! Emergency stop. ! Emergency stop. l.352 End of file on the terminal! ! ==> Fatal error occurred, no output PDF file produced! --- failed re-building ‘sadists.Rnw’ SUMMARY: processing the following file failed: ‘sadists.Rnw’ Error: Vignette re-building failed. Execution halted Flavor: r-release-macos-x86_64