Last updated on 2024-03-28 23:01:57 CET.
Flavor | Version | Tinstall | Tcheck | Ttotal | Status | Flags |
---|---|---|---|---|---|---|
r-devel-linux-x86_64-debian-clang | 0.11.0 | 12.95 | 140.32 | 153.27 | NOTE | |
r-devel-linux-x86_64-debian-gcc | 0.11.0 | 9.22 | 105.06 | 114.28 | NOTE | |
r-devel-linux-x86_64-fedora-clang | 0.11.0 | 188.09 | NOTE | |||
r-devel-linux-x86_64-fedora-gcc | 0.11.0 | 208.47 | NOTE | |||
r-devel-windows-x86_64 | 0.11.0 | 11.00 | 120.00 | 131.00 | NOTE | |
r-patched-linux-x86_64 | 0.11.0 | 16.92 | 135.58 | 152.50 | NOTE | |
r-release-linux-x86_64 | 0.11.0 | 13.00 | 135.51 | 148.51 | OK | |
r-release-macos-arm64 | 0.11.0 | 63.00 | OK | |||
r-release-macos-x86_64 | 0.11.0 | 111.00 | OK | |||
r-release-windows-x86_64 | 0.11.0 | 14.00 | 148.00 | 162.00 | OK | |
r-oldrel-macos-arm64 | 0.11.0 | 108.00 | OK | |||
r-oldrel-windows-x86_64 | 0.11.0 | 17.00 | 151.00 | 168.00 | OK |
Version: 0.11.0
Check: Rd files
Result: NOTE
checkRd: (-1) sim_setup_preconfigured.Rd:24: Lost braces in \itemize; meant \describe ?
checkRd: (-1) sim_setup_preconfigured.Rd:25: Lost braces in \itemize; meant \describe ?
checkRd: (-1) sim_setup_preconfigured.Rd:26: Lost braces in \itemize; meant \describe ?
checkRd: (-1) sim_setup_preconfigured.Rd:27: Lost braces in \itemize; meant \describe ?
checkRd: (-1) sim_setup_preconfigured.Rd:28: Lost braces in \itemize; meant \describe ?
checkRd: (-1) sim_setup_preconfigured.Rd:29: Lost braces in \itemize; meant \describe ?
checkRd: (-1) sim_setup_preconfigured.Rd:30: Lost braces in \itemize; meant \describe ?
checkRd: (-1) sim_setup_preconfigured.Rd:31: Lost braces in \itemize; meant \describe ?
Flavors: r-devel-linux-x86_64-debian-clang, r-devel-linux-x86_64-debian-gcc, r-devel-linux-x86_64-fedora-clang, r-devel-linux-x86_64-fedora-gcc, r-devel-windows-x86_64, r-patched-linux-x86_64
Version: 0.11.0
Check: Rd cross-references
Result: NOTE
Undeclared package ‘magrittr’ in Rd xrefs
Flavor: r-devel-linux-x86_64-fedora-clang