CRAN Package Check Results for Package saeSim

Last updated on 2021-04-10 22:52:38 CEST.

Flavor Version Tinstall Tcheck Ttotal Status Flags
r-devel-linux-x86_64-debian-clang 0.10.0 19.54 190.96 210.50 OK
r-devel-linux-x86_64-debian-gcc 0.10.0 15.22 148.14 163.36 OK
r-devel-linux-x86_64-fedora-clang 0.10.0 255.36 NOTE
r-devel-linux-x86_64-fedora-gcc 0.10.0 243.82 OK
r-devel-windows-ix86+x86_64 0.10.0 32.00 167.00 199.00 OK
r-devel-windows-x86_64-gcc10-UCRT 0.10.0 OK
r-patched-linux-x86_64 0.10.0 17.66 176.97 194.63 OK
r-patched-solaris-x86 0.10.0 387.00 OK
r-release-linux-x86_64 0.10.0 19.02 176.13 195.15 OK
r-release-macos-x86_64 0.10.0 OK
r-release-windows-ix86+x86_64 0.10.0 44.00 240.00 284.00 OK
r-oldrel-macos-x86_64 0.10.0 OK
r-oldrel-windows-ix86+x86_64 0.10.0 38.00 154.00 192.00 OK

Check Details

Version: 0.10.0
Check: Rd cross-references
Result: NOTE
    Undeclared packages ‘magrittr’, ‘rlang’ in Rd xrefs
Flavor: r-devel-linux-x86_64-fedora-clang