Last updated on 2023-01-29 23:03:20 CET.
Flavor | Version | Tinstall | Tcheck | Ttotal | Status | Flags |
---|---|---|---|---|---|---|
r-devel-linux-x86_64-debian-clang | 1.0.0 | 23.30 | 196.51 | 219.81 | OK | |
r-devel-linux-x86_64-debian-gcc | 1.0.0 | 18.63 | 148.64 | 167.27 | OK | |
r-devel-linux-x86_64-fedora-clang | 1.0.0 | 281.16 | NOTE | |||
r-devel-linux-x86_64-fedora-gcc | 1.0.0 | 306.46 | NOTE | |||
r-devel-windows-x86_64 | 1.0.0 | 57.00 | 227.00 | 284.00 | OK | |
r-patched-linux-x86_64 | 1.0.0 | 23.50 | 191.38 | 214.88 | OK | |
r-release-linux-x86_64 | 1.0.0 | 16.15 | 190.63 | 206.78 | OK | |
r-release-macos-arm64 | 1.0.0 | 125.00 | NOTE | |||
r-release-macos-x86_64 | 1.0.0 | 172.00 | NOTE | |||
r-release-windows-x86_64 | 1.0.0 | 48.00 | 222.00 | 270.00 | OK | |
r-oldrel-macos-arm64 | 1.0.0 | 100.00 | NOTE | |||
r-oldrel-macos-x86_64 | 1.0.0 | 161.00 | NOTE | |||
r-oldrel-windows-ix86+x86_64 | 1.0.0 | 45.00 | 235.00 | 280.00 | OK |
Version: 1.0.0
Check: data for non-ASCII characters
Result: NOTE
Note: found 63 marked Latin-1 strings
Flavors: r-devel-linux-x86_64-fedora-clang, r-devel-linux-x86_64-fedora-gcc, r-release-macos-arm64, r-release-macos-x86_64, r-oldrel-macos-arm64, r-oldrel-macos-x86_64