Last updated on 2023-02-07 23:08:00 CET.
Flavor | Version | Tinstall | Tcheck | Ttotal | Status | Flags |
---|---|---|---|---|---|---|
r-devel-linux-x86_64-debian-clang | 3.0.2 | 200.91 | 711.26 | 912.17 | OK | |
r-devel-linux-x86_64-debian-gcc | 3.0.2 | 165.72 | 538.90 | 704.62 | OK | |
r-devel-linux-x86_64-fedora-clang | 3.0.2 | 1037.88 | NOTE | |||
r-devel-linux-x86_64-fedora-gcc | 3.0.2 | 1160.92 | OK | |||
r-devel-windows-x86_64 | 3.0.2 | 176.00 | 761.00 | 937.00 | NOTE | |
r-patched-linux-x86_64 | 3.0.2 | 180.64 | 693.61 | 874.25 | OK | |
r-release-linux-x86_64 | 3.0.2 | 177.10 | 536.30 | 713.40 | OK | |
r-release-macos-arm64 | 3.0.2 | 231.00 | NOTE | |||
r-release-macos-x86_64 | 3.0.2 | 304.00 | NOTE | |||
r-release-windows-x86_64 | 2.0.1 | 166.00 | 542.00 | 708.00 | NOTE | |
r-oldrel-macos-arm64 | 3.0.2 | 10.00 | ERROR | |||
r-oldrel-macos-x86_64 | 3.0.2 | 11.00 | ERROR | |||
r-oldrel-windows-ix86+x86_64 | 3.0.2 | 430.00 | 925.00 | 1355.00 | NOTE |
Version: 3.0.2
Check: installed package size
Result: NOTE
installed size is 5.1Mb
sub-directories of 1Mb or more:
doc 3.5Mb
Flavors: r-devel-linux-x86_64-fedora-clang, r-devel-windows-x86_64, r-release-macos-arm64, r-release-macos-x86_64, r-oldrel-windows-ix86+x86_64
Version: 2.0.1
Check: installed package size
Result: NOTE
installed size is 6.2Mb
sub-directories of 1Mb or more:
doc 4.0Mb
libs 1.3Mb
Flavor: r-release-windows-x86_64
Version: 3.0.2
Check: package dependencies
Result: ERROR
Package required and available but unsuitable version: ‘Matrix’
See section ‘The DESCRIPTION file’ in the ‘Writing R Extensions’
manual.
Flavors: r-oldrel-macos-arm64, r-oldrel-macos-x86_64