CRAN Package Check Results for Package samr

Last updated on 2024-05-21 22:58:06 CEST.

Flavor Version Tinstall Tcheck Ttotal Status Flags
r-devel-linux-x86_64-debian-clang 3.0 14.17 101.30 115.47 NOTE
r-devel-linux-x86_64-debian-gcc 3.0 8.97 75.47 84.44 NOTE
r-devel-linux-x86_64-fedora-clang 3.0 140.51 NOTE
r-devel-linux-x86_64-fedora-gcc 3.0 132.61 NOTE
r-devel-windows-x86_64 3.0 12.00 97.00 109.00 NOTE
r-patched-linux-x86_64 3.0 12.19 99.89 112.08 NOTE
r-release-linux-x86_64 3.0 11.77 96.42 108.19 NOTE
r-release-macos-arm64 3.0 35.00 NOTE
r-release-macos-x86_64 3.0 88.00 NOTE
r-release-windows-x86_64 3.0 13.00 100.00 113.00 NOTE
r-oldrel-macos-arm64 3.0 47.00 NOTE
r-oldrel-macos-x86_64 3.0 75.00 NOTE
r-oldrel-windows-x86_64 3.0 16.00 108.00 124.00 NOTE

Check Details

Version: 3.0
Check: Rd files
Result: NOTE checkRd: (-1) SAM.Rd:67: Escaped LaTeX specials: \$ checkRd: (-1) samr.Rd:59: Escaped LaTeX specials: \$ checkRd: (-1) samr.Rd:84: Escaped LaTeX specials: \# \$ checkRd: (-1) samr.Rd:88: Escaped LaTeX specials: \$ checkRd: (-1) samr.Rd:92: Escaped LaTeX specials: \$ checkRd: (-1) samr.Rd:97: Escaped LaTeX specials: \# checkRd: (-1) samr.assess.samplesize.plot.Rd:12: Escaped LaTeX specials: \# Flavors: r-devel-linux-x86_64-debian-clang, r-devel-linux-x86_64-debian-gcc, r-devel-linux-x86_64-fedora-clang, r-devel-linux-x86_64-fedora-gcc, r-devel-windows-x86_64, r-patched-linux-x86_64, r-release-linux-x86_64, r-release-macos-arm64, r-release-macos-x86_64, r-release-windows-x86_64, r-oldrel-macos-arm64, r-oldrel-macos-x86_64, r-oldrel-windows-x86_64