Last updated on 2023-10-01 23:03:57 CEST.
Flavor | Version | Tinstall | Tcheck | Ttotal | Status | Flags |
---|---|---|---|---|---|---|
r-devel-linux-x86_64-debian-clang | 3.0 | 12.65 | 101.47 | 114.12 | NOTE | |
r-devel-linux-x86_64-debian-gcc | 3.0 | 9.23 | 76.92 | 86.15 | NOTE | |
r-devel-linux-x86_64-fedora-clang | 3.0 | 143.88 | NOTE | |||
r-devel-linux-x86_64-fedora-gcc | 3.0 | 140.15 | NOTE | |||
r-devel-windows-x86_64 | 3.0 | 13.00 | 99.00 | 112.00 | NOTE | |
r-patched-linux-x86_64 | 3.0 | 7.14 | 97.37 | 104.51 | NOTE | |
r-release-linux-x86_64 | 3.0 | 6.80 | 98.39 | 105.19 | NOTE | |
r-release-macos-arm64 | 3.0 | 47.00 | NOTE | |||
r-release-macos-x86_64 | 3.0 | 75.00 | NOTE | |||
r-release-windows-x86_64 | 3.0 | 15.00 | 112.00 | 127.00 | NOTE | |
r-oldrel-macos-arm64 | 3.0 | 44.00 | OK | |||
r-oldrel-macos-x86_64 | 3.0 | 77.00 | OK | |||
r-oldrel-windows-x86_64 | 3.0 | 15.00 | 116.00 | 131.00 | OK |
Version: 3.0
Check: Rd files
Result: NOTE
checkRd: (-1) SAM.Rd:67: Escaped LaTeX specials: \$
checkRd: (-1) samr.Rd:59: Escaped LaTeX specials: \$
checkRd: (-1) samr.Rd:84: Escaped LaTeX specials: \# \$
checkRd: (-1) samr.Rd:88: Escaped LaTeX specials: \$
checkRd: (-1) samr.Rd:92: Escaped LaTeX specials: \$
checkRd: (-1) samr.Rd:97: Escaped LaTeX specials: \#
checkRd: (-1) samr.assess.samplesize.plot.Rd:12: Escaped LaTeX specials: \#
Flavors: r-devel-linux-x86_64-debian-clang, r-devel-linux-x86_64-debian-gcc, r-devel-linux-x86_64-fedora-clang, r-devel-linux-x86_64-fedora-gcc, r-devel-windows-x86_64, r-patched-linux-x86_64, r-release-linux-x86_64, r-release-macos-arm64, r-release-macos-x86_64, r-release-windows-x86_64