CRAN Package Check Results for Package sand

Last updated on 2019-08-21 22:48:50 CEST.

Flavor Version Tinstall Tcheck Ttotal Status Flags
r-devel-linux-x86_64-debian-clang 1.0.3 2.52 24.87 27.39 NOTE
r-devel-linux-x86_64-debian-gcc 1.0.3 NOTE
r-devel-linux-x86_64-fedora-clang 1.0.3 32.62 NOTE
r-devel-linux-x86_64-fedora-gcc 1.0.3 32.27 NOTE
r-devel-windows-ix86+x86_64 1.0.3 7.00 42.00 49.00 OK
r-patched-linux-x86_64 1.0.3 2.26 24.64 26.90 NOTE
r-patched-solaris-x86 1.0.3 60.00 NOTE
r-release-linux-x86_64 1.0.3 2.30 24.29 26.59 NOTE
r-release-windows-ix86+x86_64 1.0.3 4.00 39.00 43.00 OK
r-release-osx-x86_64 1.0.3 NOTE
r-oldrel-windows-ix86+x86_64 1.0.3 5.00 57.00 62.00 OK
r-oldrel-osx-x86_64 1.0.3 NOTE

Check Details

Version: 1.0.3
Check: package dependencies
Result: NOTE
    Package suggested but not available for checking: 'mixer'
Flavors: r-devel-linux-x86_64-debian-clang, r-devel-linux-x86_64-debian-gcc, r-devel-linux-x86_64-fedora-clang, r-devel-linux-x86_64-fedora-gcc, r-patched-linux-x86_64, r-patched-solaris-x86, r-release-linux-x86_64

Version: 1.0.3
Check: data for non-ASCII characters
Result: NOTE
     Note: found 6 marked UTF-8 strings
Flavors: r-devel-linux-x86_64-fedora-clang, r-devel-linux-x86_64-fedora-gcc, r-patched-solaris-x86, r-release-osx-x86_64, r-oldrel-osx-x86_64

Version: 1.0.3
Check: package dependencies
Result: NOTE
    Packages suggested but not available for checking:
     'GO.db', 'GOstats', 'mixer', 'org.Sc.sgd.db'
Flavor: r-release-osx-x86_64

Version: 1.0.3
Check: package dependencies
Result: NOTE
    Packages suggested but not available for checking:
     ‘mixer’ ‘networkTomography’ ‘org.Sc.sgd.db’
Flavor: r-oldrel-osx-x86_64