CRAN Package Check Results for Package sand

Last updated on 2020-07-11 22:50:15 CEST.

Flavor Version Tinstall Tcheck Ttotal Status Flags
r-devel-linux-x86_64-debian-clang 2.0.0 2.92 29.41 32.33 OK
r-devel-linux-x86_64-debian-gcc 2.0.0 2.09 22.09 24.18 OK
r-devel-linux-x86_64-fedora-gcc 2.0.0 35.31 NOTE
r-devel-windows-ix86+x86_64 2.0.0 6.00 62.00 68.00 OK
r-patched-linux-x86_64 2.0.0 2.73 26.80 29.53 OK
r-patched-solaris-x86 2.0.0 58.40 NOTE
r-release-linux-x86_64 2.0.0 2.83 27.23 30.06 OK
r-release-macos-x86_64 2.0.0 NOTE
r-release-windows-ix86+x86_64 2.0.0 10.00 38.00 48.00 OK
r-oldrel-macos-x86_64 2.0.0 NOTE
r-oldrel-windows-ix86+x86_64 2.0.0 7.00 55.00 62.00 OK

Check Details

Version: 2.0.0
Check: data for non-ASCII characters
Result: NOTE
     Note: found 6 marked UTF-8 strings
Flavors: r-devel-linux-x86_64-fedora-gcc, r-patched-solaris-x86, r-release-macos-x86_64, r-oldrel-macos-x86_64

Version: 2.0.0
Check: package dependencies
Result: NOTE
    Package suggested but not available for checking: ‘org.Sc.sgd.db’
Flavor: r-release-macos-x86_64

Version: 2.0.0
Check: package dependencies
Result: NOTE
    Packages suggested but not available for checking: 'GO.db', 'org.Sc.sgd.db'
Flavor: r-oldrel-macos-x86_64