CRAN Package Check Results for Package sapa

Last updated on 2018-01-18 22:47:46 CET.

Flavor Version Tinstall Tcheck Ttotal Status Flags
r-devel-linux-x86_64-debian-clang 2.0-2 2.38 26.88 29.26 NOTE
r-devel-linux-x86_64-debian-gcc 2.0-2 1.63 23.40 25.03 NOTE
r-devel-linux-x86_64-fedora-clang 2.0-2 36.67 NOTE
r-devel-linux-x86_64-fedora-gcc 2.0-2 35.71 NOTE
r-devel-windows-ix86+x86_64 2.0-2 14.00 69.00 83.00 OK
r-patched-linux-x86_64 2.0-2 1.91 29.34 31.25 NOTE
r-patched-solaris-x86 2.0-2 53.10 OK
r-release-linux-x86_64 2.0-2 2.37 28.46 30.83 NOTE
r-release-windows-ix86+x86_64 2.0-2 8.00 67.00 75.00 OK
r-release-osx-x86_64 2.0-2 OK
r-oldrel-windows-ix86+x86_64 2.0-2 9.00 61.00 70.00 OK
r-oldrel-osx-x86_64 2.0-2 OK

Check Details

Version: 2.0-2
Check: compiled code
Result: NOTE
    File ‘sapa/libs/sapa.so’:
     Found no calls to: ‘R_registerRoutines’, ‘R_useDynamicSymbols’
    
    It is good practice to register native routines and to disable symbol
    search.
    
    See ‘Writing portable packages’ in the ‘Writing R Extensions’ manual.
Flavors: r-devel-linux-x86_64-debian-clang, r-devel-linux-x86_64-debian-gcc, r-devel-linux-x86_64-fedora-clang, r-devel-linux-x86_64-fedora-gcc, r-patched-linux-x86_64, r-release-linux-x86_64