CRAN Package Check Results for Package sapa

Last updated on 2017-11-19 22:49:48.

Flavor Version Tinstall Tcheck Ttotal Status Flags
r-devel-linux-x86_64-debian-clang 2.0-2 1.50 19.35 20.84 NOTE
r-devel-linux-x86_64-debian-gcc 2.0-2 1.72 39.58 41.30 NOTE
r-devel-linux-x86_64-fedora-clang 2.0-2 36.87 NOTE
r-devel-linux-x86_64-fedora-gcc 2.0-2 71.45 NOTE
r-devel-windows-ix86+x86_64 2.0-2 7.00 51.00 58.00 OK
r-patched-linux-x86_64 2.0-2 1.65 19.27 20.92 NOTE
r-patched-solaris-x86 2.0-2 54.60 OK
r-release-linux-x86_64 2.0-2 1.62 18.86 20.49 NOTE
r-release-windows-ix86+x86_64 2.0-2 7.00 63.00 70.00 OK
r-release-osx-x86_64 2.0-2 OK
r-oldrel-windows-ix86+x86_64 2.0-2 6.00 56.00 62.00 OK
r-oldrel-osx-x86_64 2.0-2 OK

Check Details

Version: 2.0-2
Check: compiled code
Result: NOTE
    File ‘sapa/libs/sapa.so’:
     Found no calls to: ‘R_registerRoutines’, ‘R_useDynamicSymbols’
    
    It is good practice to register native routines and to disable symbol
    search.
    
    See ‘Writing portable packages’ in the ‘Writing R Extensions’ manual.
Flavors: r-devel-linux-x86_64-debian-clang, r-devel-linux-x86_64-debian-gcc, r-devel-linux-x86_64-fedora-clang, r-devel-linux-x86_64-fedora-gcc, r-patched-linux-x86_64, r-release-linux-x86_64