CRAN Package Check Results for Package sapa

Last updated on 2018-07-18 22:49:32 CEST.

Flavor Version Tinstall Tcheck Ttotal Status Flags
r-devel-linux-x86_64-debian-clang 2.0-2 3.41 34.54 37.95 NOTE
r-devel-linux-x86_64-debian-gcc 2.0-2 2.95 27.42 30.37 NOTE
r-devel-linux-x86_64-fedora-clang 2.0-2 43.04 NOTE
r-devel-linux-x86_64-fedora-gcc 2.0-2 41.41 NOTE
r-devel-windows-ix86+x86_64 2.0-2 10.00 77.00 87.00 OK
r-patched-linux-x86_64 2.0-2 3.10 28.96 32.06 NOTE
r-patched-solaris-x86 2.0-2 55.70 OK
r-release-linux-x86_64 2.0-2 3.26 28.94 32.20 NOTE
r-release-windows-ix86+x86_64 2.0-2 12.00 70.00 82.00 OK
r-release-osx-x86_64 2.0-2 OK
r-oldrel-windows-ix86+x86_64 2.0-2 10.00 49.00 59.00 OK
r-oldrel-osx-x86_64 2.0-2 OK

Check Details

Version: 2.0-2
Check: compiled code
Result: NOTE
    File ‘sapa/libs/sapa.so’:
     Found no calls to: ‘R_registerRoutines’, ‘R_useDynamicSymbols’
    
    It is good practice to register native routines and to disable symbol
    search.
    
    See ‘Writing portable packages’ in the ‘Writing R Extensions’ manual.
Flavors: r-devel-linux-x86_64-debian-clang, r-devel-linux-x86_64-debian-gcc, r-devel-linux-x86_64-fedora-clang, r-devel-linux-x86_64-fedora-gcc, r-patched-linux-x86_64, r-release-linux-x86_64