CRAN Package Check Results for Package sapa

Last updated on 2018-04-21 22:48:37 CEST.

Flavor Version Tinstall Tcheck Ttotal Status Flags
r-devel-linux-x86_64-debian-clang 2.0-2 2.80 28.92 31.72 NOTE
r-devel-linux-x86_64-debian-gcc 2.0-2 2.29 23.24 25.53 NOTE
r-devel-linux-x86_64-fedora-clang 2.0-2 38.07 NOTE
r-devel-linux-x86_64-fedora-gcc 2.0-2 36.18 NOTE
r-devel-windows-ix86+x86_64 2.0-2 11.00 66.00 77.00 OK
r-devel-osx-x86_64 2.0-2 OK
r-patched-linux-x86_64 2.0-2 2.66 28.68 31.34 NOTE
r-patched-solaris-x86 2.0-2 56.70 OK
r-release-linux-x86_64 2.0-2 2.07 28.75 30.82 NOTE
r-release-windows-ix86+x86_64 2.0-2 11.00 66.00 77.00 OK
r-release-osx-x86_64 2.0-2 OK
r-oldrel-windows-ix86+x86_64 2.0-2 10.00 44.00 54.00 OK

Check Details

Version: 2.0-2
Check: compiled code
Result: NOTE
    File ‘sapa/libs/sapa.so’:
     Found no calls to: ‘R_registerRoutines’, ‘R_useDynamicSymbols’
    
    It is good practice to register native routines and to disable symbol
    search.
    
    See ‘Writing portable packages’ in the ‘Writing R Extensions’ manual.
Flavors: r-devel-linux-x86_64-debian-clang, r-devel-linux-x86_64-debian-gcc, r-devel-linux-x86_64-fedora-clang, r-devel-linux-x86_64-fedora-gcc, r-patched-linux-x86_64, r-release-linux-x86_64