Last updated on 2024-04-18 22:52:58 CEST.
Flavor | Version | Tinstall | Tcheck | Ttotal | Status | Flags |
---|---|---|---|---|---|---|
r-devel-linux-x86_64-debian-clang | 0.1.4 | 14.04 | 247.73 | 261.77 | OK | |
r-devel-linux-x86_64-debian-gcc | 0.1.4 | 8.94 | 183.09 | 192.03 | OK | |
r-devel-linux-x86_64-fedora-clang | 0.1.4 | 326.19 | NOTE | |||
r-devel-linux-x86_64-fedora-gcc | 0.1.4 | 336.38 | NOTE | |||
r-prerel-macos-arm64 | 0.1.4 | 90.00 | OK | |||
r-prerel-windows-x86_64 | 0.1.4 | 13.00 | 204.00 | 217.00 | OK | |
r-patched-linux-x86_64 | 0.1.4 | 16.57 | 234.13 | 250.70 | OK | |
r-release-linux-x86_64 | 0.1.4 | 7.00 | 236.27 | 243.27 | OK | |
r-release-macos-arm64 | 0.1.4 | 90.00 | OK | |||
r-release-macos-x86_64 | 0.1.4 | 160.00 | OK | |||
r-release-windows-x86_64 | 0.1.4 | 15.00 | 239.00 | 254.00 | OK | |
r-oldrel-macos-arm64 | 0.1.4 | 76.00 | OK | |||
r-oldrel-windows-x86_64 | 0.1.4 | 15.00 | 239.00 | 254.00 | OK |
Version: 0.1.4
Check: data for non-ASCII characters
Result: NOTE
Note: found 4 marked UTF-8 strings
Flavors: r-devel-linux-x86_64-fedora-clang, r-devel-linux-x86_64-fedora-gcc