Last updated on 2023-09-26 23:04:25 CEST.
Flavor | Version | Tinstall | Tcheck | Ttotal | Status | Flags |
---|---|---|---|---|---|---|
r-devel-linux-x86_64-debian-clang | 0.4.7 | 240.27 | 62.62 | 302.89 | NOTE | |
r-devel-linux-x86_64-debian-gcc | 0.4.7 | 157.15 | 48.20 | 205.35 | NOTE | |
r-devel-linux-x86_64-fedora-clang | 0.4.7 | 561.96 | NOTE | |||
r-devel-linux-x86_64-fedora-gcc | 0.4.7 | 461.12 | NOTE | |||
r-devel-windows-x86_64 | 0.4.7 | 205.00 | 112.00 | 317.00 | NOTE | |
r-patched-linux-x86_64 | 0.4.7 | 222.87 | 61.23 | 284.10 | NOTE | |
r-release-linux-x86_64 | 0.4.7 | 224.33 | 60.46 | 284.79 | NOTE | |
r-release-macos-arm64 | 0.4.7 | 98.00 | NOTE | |||
r-release-macos-x86_64 | 0.4.7 | 273.00 | NOTE | |||
r-release-windows-x86_64 | 0.4.7 | 270.00 | 134.00 | 404.00 | NOTE | |
r-oldrel-macos-arm64 | 0.4.7 | 100.00 | NOTE | |||
r-oldrel-macos-x86_64 | 0.4.7 | 158.00 | NOTE | |||
r-oldrel-windows-x86_64 | 0.4.7 | 246.00 | 125.00 | 371.00 | NOTE |
Version: 0.4.7
Check: for GNU extensions in Makefiles
Result: NOTE
GNU make is a SystemRequirements.
Flavors: r-devel-linux-x86_64-debian-clang, r-devel-linux-x86_64-debian-gcc, r-devel-linux-x86_64-fedora-clang, r-devel-linux-x86_64-fedora-gcc, r-devel-windows-x86_64, r-patched-linux-x86_64, r-release-linux-x86_64, r-release-macos-arm64, r-release-macos-x86_64, r-release-windows-x86_64, r-oldrel-macos-arm64, r-oldrel-macos-x86_64, r-oldrel-windows-x86_64
Version: 0.4.7
Check: installed package size
Result: NOTE
installed size is 5.4Mb
sub-directories of 1Mb or more:
doc 1.7Mb
libs 3.2Mb
Flavors: r-devel-linux-x86_64-fedora-clang, r-devel-windows-x86_64, r-release-macos-arm64, r-release-macos-x86_64, r-release-windows-x86_64, r-oldrel-macos-arm64, r-oldrel-macos-x86_64, r-oldrel-windows-x86_64