Last updated on 2023-11-27 23:11:51 CET.
Flavor | Version | Tinstall | Tcheck | Ttotal | Status | Flags |
---|---|---|---|---|---|---|
r-devel-linux-x86_64-debian-clang | 1.2.0 | 8.57 | 104.63 | 113.20 | NOTE | |
r-devel-linux-x86_64-debian-gcc | 1.2.0 | 6.47 | 81.29 | 87.76 | NOTE | |
r-devel-linux-x86_64-fedora-clang | 1.2.0 | 142.22 | NOTE | |||
r-devel-linux-x86_64-fedora-gcc | 1.2.0 | 139.42 | OK | |||
r-devel-windows-x86_64 | 1.2.0 | 8.00 | 102.00 | 110.00 | OK | |
r-patched-linux-x86_64 | 1.2.0 | 8.78 | 98.56 | 107.34 | OK | |
r-release-linux-x86_64 | 1.2.0 | 4.91 | 97.63 | 102.54 | OK | |
r-release-macos-arm64 | 1.2.0 | 99.00 | OK | |||
r-release-macos-x86_64 | 1.2.0 | 125.00 | OK | |||
r-release-windows-x86_64 | 1.2.0 | 11.00 | 114.00 | 125.00 | OK | |
r-oldrel-macos-arm64 | 1.2.0 | 65.00 | OK | |||
r-oldrel-macos-x86_64 | 1.2.0 | 67.00 | OK | |||
r-oldrel-windows-x86_64 | 1.2.0 | 11.00 | 121.00 | 132.00 | OK |
Version: 1.2.0
Check: Rd files
Result: NOTE
checkRd: (-1) sassy.Rd:25-26: Lost braces in \itemize; meant \describe ?
checkRd: (-1) sassy.Rd:27-28: Lost braces in \itemize; meant \describe ?
checkRd: (-1) sassy.Rd:29: Lost braces in \itemize; meant \describe ?
checkRd: (-1) sassy.Rd:30-31: Lost braces in \itemize; meant \describe ?
checkRd: (-1) sassy.Rd:32-33: Lost braces in \itemize; meant \describe ?
checkRd: (-1) sassy.Rd:34: Lost braces in \itemize; meant \describe ?
Flavors: r-devel-linux-x86_64-debian-clang, r-devel-linux-x86_64-debian-gcc
Version: 1.2.0
Check: installed package size
Result: NOTE
installed size is 5.0Mb
sub-directories of 1Mb or more:
doc 3.7Mb
extdata 1.1Mb
Flavor: r-devel-linux-x86_64-fedora-clang