Last updated on 2023-12-10 22:56:11 CET.
Flavor | Version | Tinstall | Tcheck | Ttotal | Status | Flags |
---|---|---|---|---|---|---|
r-devel-linux-x86_64-debian-clang | 1.0.3 | 49.51 | 96.08 | 145.59 | OK | |
r-devel-linux-x86_64-debian-gcc | 1.0.3 | 39.01 | 75.19 | 114.20 | OK | |
r-devel-linux-x86_64-fedora-clang | 1.0.3 | 205.55 | OK | |||
r-devel-linux-x86_64-fedora-gcc | 1.0.3 | 195.89 | OK | |||
r-devel-windows-x86_64 | 1.0.3 | 41.00 | 115.00 | 156.00 | OK | |
r-patched-linux-x86_64 | 1.0.3 | 41.91 | 96.52 | 138.43 | OK | |
r-release-linux-x86_64 | 1.0.3 | 33.40 | 97.23 | 130.63 | OK | |
r-release-macos-arm64 | 1.0.3 | 57.00 | NOTE | |||
r-release-macos-x86_64 | 1.0.3 | 88.00 | NOTE | |||
r-release-windows-x86_64 | 1.0.3 | 52.00 | 133.00 | 185.00 | OK | |
r-oldrel-macos-arm64 | 1.0.3 | 48.00 | OK | |||
r-oldrel-macos-x86_64 | 1.0.3 | 101.00 | OK | |||
r-oldrel-windows-x86_64 | 1.0.3 | 52.00 | 124.00 | 176.00 | OK |
Version: 1.0.3
Check: installed package size
Result: NOTE
installed size is 5.3Mb
sub-directories of 1Mb or more:
data 2.0Mb
libs 3.1Mb
Flavors: r-release-macos-arm64, r-release-macos-x86_64