Last updated on 2023-12-06 23:12:13 CET.
Flavor | Version | Tinstall | Tcheck | Ttotal | Status | Flags |
---|---|---|---|---|---|---|
r-devel-linux-x86_64-debian-clang | 0.2 | 32.95 | 32.79 | 65.74 | OK | |
r-devel-linux-x86_64-debian-gcc | 0.2 | 24.98 | 25.73 | 50.71 | OK | |
r-devel-linux-x86_64-fedora-clang | 0.2 | 99.10 | NOTE | |||
r-devel-linux-x86_64-fedora-gcc | 0.2 | 97.19 | NOTE | |||
r-devel-windows-x86_64 | 0.2 | 28.00 | 66.00 | 94.00 | OK | |
r-patched-linux-x86_64 | 0.2 | 31.47 | 33.05 | 64.52 | OK | |
r-release-linux-x86_64 | 0.2 | 30.38 | 33.33 | 63.71 | OK | |
r-release-macos-arm64 | 0.2 | 29.00 | OK | |||
r-release-macos-x86_64 | 0.2 | 43.00 | OK | |||
r-release-windows-x86_64 | 0.2 | 36.00 | 71.00 | 107.00 | OK | |
r-oldrel-macos-arm64 | 0.2 | 31.00 | OK | |||
r-oldrel-macos-x86_64 | 0.2 | 36.00 | OK | |||
r-oldrel-windows-x86_64 | 0.2 | 34.00 | 79.00 | 113.00 | OK |
Version: 0.2
Check: compiled code
Result: NOTE
File ‘sbmSDP/libs/sbmSDP.so’:
Found no calls to: ‘R_registerRoutines’, ‘R_useDynamicSymbols’
It is good practice to register native routines and to disable symbol
search.
See ‘Writing portable packages’ in the ‘Writing R Extensions’ manual.
Flavors: r-devel-linux-x86_64-fedora-clang, r-devel-linux-x86_64-fedora-gcc