Last updated on 2023-12-03 22:57:20 CET.
Flavor | Version | Tinstall | Tcheck | Ttotal | Status | Flags |
---|---|---|---|---|---|---|
r-devel-linux-x86_64-debian-clang | 1.2.1 | 63.77 | 158.92 | 222.69 | OK | |
r-devel-linux-x86_64-debian-gcc | 1.2.1 | 46.30 | 117.72 | 164.02 | OK | |
r-devel-linux-x86_64-fedora-clang | 1.2.1 | 283.55 | OK | |||
r-devel-linux-x86_64-fedora-gcc | 1.2.1 | 307.84 | OK | |||
r-devel-windows-x86_64 | 1.2.1 | 51.00 | 136.00 | 187.00 | OK | |
r-patched-linux-x86_64 | 1.2.1 | 56.71 | 148.04 | 204.75 | OK | |
r-release-linux-x86_64 | 1.2.1 | 57.70 | 152.08 | 209.78 | OK | |
r-release-macos-arm64 | 1.2.1 | 72.00 | NOTE | |||
r-release-macos-x86_64 | 1.2.1 | 125.00 | NOTE | |||
r-release-windows-x86_64 | 1.2.1 | 67.00 | 174.00 | 241.00 | OK | |
r-oldrel-macos-arm64 | 1.2.1 | 63.00 | NOTE | |||
r-oldrel-macos-x86_64 | 1.2.1 | 88.00 | NOTE | |||
r-oldrel-windows-x86_64 | 1.2.1 | 63.00 | 171.00 | 234.00 | OK |
Version: 1.2.1
Check: installed package size
Result: NOTE
installed size is 7.6Mb
sub-directories of 1Mb or more:
data 4.1Mb
libs 3.1Mb
Flavors: r-release-macos-arm64, r-release-macos-x86_64, r-oldrel-macos-arm64, r-oldrel-macos-x86_64