Last updated on 2023-12-09 21:54:30 CET.
Flavor | Version | Tinstall | Tcheck | Ttotal | Status | Flags |
---|---|---|---|---|---|---|
r-devel-linux-x86_64-debian-clang | 1.0.4 | 40.48 | 117.31 | 157.79 | NOTE | |
r-devel-linux-x86_64-debian-gcc | 1.0.4 | 28.87 | 95.66 | 124.53 | NOTE | |
r-devel-linux-x86_64-fedora-clang | 1.0.4 | 226.80 | NOTE | |||
r-devel-linux-x86_64-fedora-gcc | 1.0.4 | 207.05 | NOTE | |||
r-devel-windows-x86_64 | 1.0.4 | 32.00 | 157.00 | 189.00 | NOTE | |
r-patched-linux-x86_64 | 1.0.4 | 34.54 | 115.85 | 150.39 | NOTE | |
r-release-linux-x86_64 | 1.0.4 | 33.63 | 117.91 | 151.54 | NOTE | |
r-release-macos-arm64 | 1.0.4 | 82.00 | NOTE | |||
r-release-macos-x86_64 | 1.0.4 | 132.00 | NOTE | |||
r-release-windows-x86_64 | 1.0.4 | 37.00 | 180.00 | 217.00 | NOTE | |
r-oldrel-macos-arm64 | 1.0.4 | 74.00 | OK | |||
r-oldrel-macos-x86_64 | 1.0.4 | 101.00 | OK | |||
r-oldrel-windows-x86_64 | 1.0.4 | 43.00 | 176.00 | 219.00 | OK |
Version: 1.0.4
Check: C++ specification
Result: NOTE
Specified C++11: please drop specification unless essential
Flavors: r-devel-linux-x86_64-debian-clang, r-devel-linux-x86_64-debian-gcc, r-devel-linux-x86_64-fedora-clang, r-devel-linux-x86_64-fedora-gcc, r-devel-windows-x86_64, r-patched-linux-x86_64, r-release-linux-x86_64, r-release-macos-arm64, r-release-macos-x86_64, r-release-windows-x86_64