Last updated on 2024-03-28 23:01:57 CET.
Flavor | Version | Tinstall | Tcheck | Ttotal | Status | Flags |
---|---|---|---|---|---|---|
r-devel-linux-x86_64-debian-clang | 1.1-4 | 11.01 | 103.32 | 114.33 | NOTE | |
r-devel-linux-x86_64-debian-gcc | 1.1-4 | 9.03 | 76.32 | 85.35 | NOTE | |
r-devel-linux-x86_64-fedora-clang | 1.1-4 | 141.90 | NOTE | |||
r-devel-linux-x86_64-fedora-gcc | 1.1-4 | 149.39 | NOTE | |||
r-devel-windows-x86_64 | 1.1-4 | 12.00 | 93.00 | 105.00 | NOTE | |
r-patched-linux-x86_64 | 1.1-4 | 13.16 | 99.75 | 112.91 | NOTE | |
r-release-linux-x86_64 | 1.1-4 | 12.48 | 101.16 | 113.64 | OK | |
r-release-macos-arm64 | 1.1-4 | 51.00 | OK | |||
r-release-macos-x86_64 | 1.1-4 | 96.00 | OK | |||
r-release-windows-x86_64 | 1.1-4 | 14.00 | 112.00 | 126.00 | OK | |
r-oldrel-macos-arm64 | 1.1-4 | 44.00 | OK | |||
r-oldrel-windows-x86_64 | 1.1-4 | 15.00 | 114.00 | 129.00 | OK |
Version: 1.1-4
Check: Rd files
Result: NOTE
checkRd: (-1) get.events.Rd:51: Lost braces
51 | code{\link[deSolve]{events}}
| ^
Flavors: r-devel-linux-x86_64-debian-clang, r-devel-linux-x86_64-debian-gcc, r-devel-linux-x86_64-fedora-clang, r-devel-linux-x86_64-fedora-gcc, r-devel-windows-x86_64, r-patched-linux-x86_64