CRAN Package Check Results for Package scaleboot

Last updated on 2019-09-14 22:48:37 CEST.

Flavor Version Tinstall Tcheck Ttotal Status Flags
r-devel-linux-x86_64-debian-clang 0.3-4 7.58 81.08 88.66 OK
r-devel-linux-x86_64-debian-gcc 0.3-4 5.94 60.21 66.15 OK
r-devel-linux-x86_64-fedora-clang 0.3-4 107.92 NOTE
r-devel-linux-x86_64-fedora-gcc 0.3-4 100.99 NOTE
r-devel-windows-ix86+x86_64 0.3-4 14.00 88.00 102.00 OK
r-patched-linux-x86_64 0.3-4 6.26 78.96 85.22 OK
r-patched-solaris-x86 0.3-4 132.70 NOTE
r-release-linux-x86_64 0.3-4 6.01 78.59 84.60 OK
r-release-windows-ix86+x86_64 0.3-4 15.00 114.00 129.00 OK
r-release-osx-x86_64 0.3-4 NOTE
r-oldrel-windows-ix86+x86_64 0.3-4 12.00 81.00 93.00 OK
r-oldrel-osx-x86_64 0.3-4 NOTE

Check Details

Version: 0.3-4
Check: dependencies in R code
Result: NOTE
    Namespace in Imports field not imported from: ‘pvclust’
     All declared Imports should be used.
Flavors: r-devel-linux-x86_64-fedora-clang, r-devel-linux-x86_64-fedora-gcc, r-patched-solaris-x86, r-release-osx-x86_64, r-oldrel-osx-x86_64