CRAN Package Check Results for Package scaleboot

Last updated on 2019-06-23 22:49:04 CEST.

Flavor Version Tinstall Tcheck Ttotal Status Flags
r-devel-linux-x86_64-debian-clang 0.3-4 7.12 78.53 85.65 OK
r-devel-linux-x86_64-debian-gcc 0.3-4 5.67 59.15 64.82 OK
r-devel-linux-x86_64-fedora-clang 0.3-4 98.30 NOTE
r-devel-linux-x86_64-fedora-gcc 0.3-4 94.82 NOTE
r-devel-windows-ix86+x86_64 0.3-4 14.00 82.00 96.00 OK
r-patched-linux-x86_64 0.3-4 6.82 78.35 85.17 OK
r-patched-solaris-x86 0.3-4 135.20 NOTE
r-release-linux-x86_64 0.3-4 6.82 79.04 85.86 OK
r-release-windows-ix86+x86_64 0.3-4 13.00 95.00 108.00 OK
r-release-osx-x86_64 0.3-4 NOTE
r-oldrel-windows-ix86+x86_64 0.3-4 9.00 114.00 123.00 OK
r-oldrel-osx-x86_64 0.3-4 NOTE

Check Details

Version: 0.3-4
Check: dependencies in R code
Result: NOTE
    Namespace in Imports field not imported from: ‘pvclust’
     All declared Imports should be used.
Flavors: r-devel-linux-x86_64-fedora-clang, r-devel-linux-x86_64-fedora-gcc, r-patched-solaris-x86, r-release-osx-x86_64, r-oldrel-osx-x86_64