Last updated on 2024-03-18 22:03:23 CET.
Flavor | Version | Tinstall | Tcheck | Ttotal | Status | Flags |
---|---|---|---|---|---|---|
r-devel-linux-x86_64-debian-clang | 1.1.1 | 140.21 | 122.17 | 262.38 | NOTE | |
r-devel-linux-x86_64-debian-gcc | 1.1.1 | 116.61 | 92.56 | 209.17 | NOTE | |
r-devel-linux-x86_64-fedora-clang | 1.1.1 | 388.52 | NOTE | |||
r-devel-linux-x86_64-fedora-gcc | 1.1.1 | 385.30 | NOTE | |||
r-devel-windows-x86_64 | 1.1.1 | 116.00 | 126.00 | 242.00 | NOTE | |
r-patched-linux-x86_64 | 1.1.1 | 141.30 | 118.47 | 259.77 | NOTE | |
r-release-linux-x86_64 | 1.1.1 | 102.82 | 118.92 | 221.74 | NOTE | |
r-release-macos-arm64 | 1.1.1 | 99.00 | NOTE | |||
r-release-macos-x86_64 | 1.1.1 | 167.00 | NOTE | |||
r-release-windows-x86_64 | 1.1.1 | 146.00 | 158.00 | 304.00 | NOTE | |
r-oldrel-macos-arm64 | 1.1.1 | 77.00 | OK | |||
r-oldrel-windows-x86_64 | 1.1.1 | 137.00 | 144.00 | 281.00 | OK |
Version: 1.1.1
Check: C++ specification
Result: NOTE
Specified C++11: please drop specification unless essential
Flavors: r-devel-linux-x86_64-debian-clang, r-devel-linux-x86_64-debian-gcc, r-devel-linux-x86_64-fedora-clang, r-devel-linux-x86_64-fedora-gcc, r-devel-windows-x86_64, r-patched-linux-x86_64, r-release-linux-x86_64, r-release-macos-arm64, r-release-macos-x86_64, r-release-windows-x86_64