Last updated on 2023-09-24 22:59:51 CEST.
Flavor | Version | Tinstall | Tcheck | Ttotal | Status | Flags |
---|---|---|---|---|---|---|
r-devel-linux-x86_64-debian-clang | 1.0.4 | 69.36 | 77.39 | 146.75 | OK | |
r-devel-linux-x86_64-debian-gcc | 1.0.4 | 51.03 | 57.81 | 108.84 | OK | |
r-devel-windows-x86_64 | 1.0.4 | 60.00 | 103.00 | 163.00 | OK | |
r-patched-linux-x86_64 | 1.0.4 | 47.96 | 73.55 | 121.51 | OK | |
r-release-linux-x86_64 | 1.0.4 | 63.25 | 73.29 | 136.54 | OK | |
r-release-macos-arm64 | 1.0.4 | 52.00 | NOTE | |||
r-release-macos-x86_64 | 1.0.4 | 89.00 | NOTE | |||
r-release-windows-x86_64 | 1.0.4 | 74.00 | 119.00 | 193.00 | OK | |
r-oldrel-macos-arm64 | 1.0.4 | 51.00 | NOTE | |||
r-oldrel-macos-x86_64 | 1.0.4 | 75.00 | NOTE | |||
r-oldrel-windows-x86_64 | 1.0.4 | 69.00 | 113.00 | 182.00 | OK |
Version: 1.0.4
Check: installed package size
Result: NOTE
installed size is 5.6Mb
sub-directories of 1Mb or more:
libs 4.8Mb
Flavors: r-release-macos-arm64, r-release-macos-x86_64, r-oldrel-macos-arm64, r-oldrel-macos-x86_64