Last updated on 2024-04-22 23:10:04 CEST.
Flavor | Version | Tinstall | Tcheck | Ttotal | Status | Flags |
---|---|---|---|---|---|---|
r-devel-linux-x86_64-debian-clang | 1.0.2 | 6.22 | 47.42 | 53.64 | NOTE | |
r-devel-linux-x86_64-debian-gcc | 1.0.2 | 3.27 | 36.72 | 39.99 | NOTE | |
r-devel-linux-x86_64-fedora-clang | 1.0.2 | 65.93 | NOTE | |||
r-devel-linux-x86_64-fedora-gcc | 1.0.2 | 65.04 | NOTE | |||
r-prerel-macos-arm64 | 1.0.2 | 20.00 | NOTE | |||
r-prerel-windows-x86_64 | 1.0.2 | 6.00 | 63.00 | 69.00 | NOTE | |
r-patched-linux-x86_64 | 1.0.2 | 4.85 | 44.22 | 49.07 | NOTE | |
r-release-linux-x86_64 | 1.0.2 | 4.70 | 49.79 | 54.49 | NOTE | |
r-release-macos-arm64 | 1.0.2 | 25.00 | NOTE | |||
r-release-macos-x86_64 | 1.0.2 | 35.00 | NOTE | |||
r-release-windows-x86_64 | 1.0.2 | 7.00 | 68.00 | 75.00 | NOTE | |
r-oldrel-macos-arm64 | 1.0.2 | 33.00 | NOTE | |||
r-oldrel-windows-x86_64 | 1.0.2 | 7.00 | 66.00 | 73.00 | NOTE |
Version: 1.0.2
Check: Rd files
Result: NOTE
checkRd: (-1) scdensity.Rd:119-120: Lost braces in \itemize; meant \describe ?
checkRd: (-1) scdensity.Rd:121-123: Lost braces in \itemize; meant \describe ?
checkRd: (-1) scdensity.Rd:124-126: Lost braces in \itemize; meant \describe ?
checkRd: (-1) scdensity.Rd:127-130: Lost braces in \itemize; meant \describe ?
checkRd: (-1) scdensity.Rd:131-135: Lost braces in \itemize; meant \describe ?
checkRd: (-1) scdensity.Rd:136-138: Lost braces in \itemize; meant \describe ?
checkRd: (-1) scdensity.Rd:139-142: Lost braces in \itemize; meant \describe ?
checkRd: (-1) scdensity.Rd:143-144: Lost braces in \itemize; meant \describe ?
checkRd: (-1) scdensity.Rd:145-147: Lost braces in \itemize; meant \describe ?
Flavors: r-devel-linux-x86_64-debian-clang, r-devel-linux-x86_64-debian-gcc, r-devel-linux-x86_64-fedora-clang, r-devel-linux-x86_64-fedora-gcc, r-prerel-macos-arm64, r-prerel-windows-x86_64, r-patched-linux-x86_64
Version: 1.0.2
Check: LazyData
Result: NOTE
'LazyData' is specified without a 'data' directory
Flavors: r-devel-linux-x86_64-debian-clang, r-devel-linux-x86_64-debian-gcc, r-devel-linux-x86_64-fedora-clang, r-devel-linux-x86_64-fedora-gcc, r-prerel-macos-arm64, r-prerel-windows-x86_64, r-patched-linux-x86_64, r-release-linux-x86_64, r-release-macos-arm64, r-release-macos-x86_64, r-release-windows-x86_64, r-oldrel-macos-arm64, r-oldrel-windows-x86_64