Last updated on 2023-09-28 23:08:58 CEST.
Flavor | Version | Tinstall | Tcheck | Ttotal | Status | Flags |
---|---|---|---|---|---|---|
r-devel-linux-x86_64-debian-clang | 1.0.2 | 5.06 | 51.74 | 56.80 | NOTE | |
r-devel-linux-x86_64-debian-gcc | 1.0.2 | 4.48 | 35.36 | 39.84 | NOTE | |
r-devel-linux-x86_64-fedora-clang | 1.0.2 | 63.12 | NOTE | |||
r-devel-linux-x86_64-fedora-gcc | 1.0.2 | 63.91 | NOTE | |||
r-devel-windows-x86_64 | 1.0.2 | 6.00 | 66.00 | 72.00 | NOTE | |
r-patched-linux-x86_64 | 1.0.2 | 5.12 | 44.82 | 49.94 | NOTE | |
r-release-linux-x86_64 | 1.0.2 | 4.00 | 45.39 | 49.39 | NOTE | |
r-release-macos-arm64 | 1.0.2 | 25.00 | NOTE | |||
r-release-macos-x86_64 | 1.0.2 | 35.00 | NOTE | |||
r-release-windows-x86_64 | 1.0.2 | 5.00 | 74.00 | 79.00 | NOTE | |
r-oldrel-macos-arm64 | 1.0.2 | 33.00 | NOTE | |||
r-oldrel-macos-x86_64 | 1.0.2 | 29.00 | NOTE | |||
r-oldrel-windows-x86_64 | 1.0.2 | 9.00 | 64.00 | 73.00 | NOTE |
Version: 1.0.2
Check: LazyData
Result: NOTE
'LazyData' is specified without a 'data' directory
Flavors: r-devel-linux-x86_64-debian-clang, r-devel-linux-x86_64-debian-gcc, r-devel-linux-x86_64-fedora-clang, r-devel-linux-x86_64-fedora-gcc, r-devel-windows-x86_64, r-patched-linux-x86_64, r-release-linux-x86_64, r-release-macos-arm64, r-release-macos-x86_64, r-release-windows-x86_64, r-oldrel-macos-arm64, r-oldrel-macos-x86_64, r-oldrel-windows-x86_64