Last updated on 2023-10-01 23:03:58 CEST.
Flavor | Version | Tinstall | Tcheck | Ttotal | Status | Flags |
---|---|---|---|---|---|---|
r-devel-linux-x86_64-debian-clang | 1.1.1 | 78.33 | 275.31 | 353.64 | OK | |
r-devel-linux-x86_64-debian-gcc | 1.1.1 | 54.73 | 199.45 | 254.18 | OK | |
r-devel-linux-x86_64-fedora-clang | 1.1.1 | 467.64 | OK | |||
r-devel-linux-x86_64-fedora-gcc | 1.1.1 | 473.64 | OK | |||
r-devel-windows-x86_64 | 1.1.1 | 56.00 | 287.00 | 343.00 | OK | |
r-patched-linux-x86_64 | 1.1.1 | 75.15 | 281.86 | 357.01 | OK | |
r-release-linux-x86_64 | 1.1.1 | 68.44 | 281.25 | 349.69 | OK | |
r-release-macos-arm64 | 1.1.1 | 131.00 | NOTE | |||
r-release-macos-x86_64 | 1.1.1 | 370.00 | NOTE | |||
r-release-windows-x86_64 | 1.1.1 | 72.00 | 333.00 | 405.00 | OK | |
r-oldrel-macos-arm64 | 1.1.1 | 132.00 | NOTE | |||
r-oldrel-macos-x86_64 | 1.1.1 | 152.00 | NOTE | |||
r-oldrel-windows-x86_64 | 1.1.1 | 71.00 | 329.00 | 400.00 | OK |
Version: 1.1.1
Check: installed package size
Result: NOTE
installed size is 6.1Mb
sub-directories of 1Mb or more:
libs 3.9Mb
Flavors: r-release-macos-arm64, r-release-macos-x86_64, r-oldrel-macos-arm64, r-oldrel-macos-x86_64