CRAN Package Check Results for Package scoringRules

Last updated on 2024-03-04 22:58:14 CET.

Flavor Version Tinstall Tcheck Ttotal Status Flags
r-devel-linux-x86_64-debian-clang 1.1.1 83.90 271.05 354.95 OK
r-devel-linux-x86_64-debian-gcc 1.1.1 54.62 203.30 257.92 OK
r-devel-linux-x86_64-fedora-clang 1.1.1 459.03 OK
r-devel-linux-x86_64-fedora-gcc 1.1.1 463.64 OK
r-devel-windows-x86_64 1.1.1 57.00 281.00 338.00 OK
r-patched-linux-x86_64 1.1.1 69.84 279.82 349.66 OK
r-release-linux-x86_64 1.1.1 67.49 279.01 346.50 OK
r-release-macos-arm64 1.1.1 131.00 NOTE
r-release-macos-x86_64 1.1.1 370.00 NOTE
r-release-windows-x86_64 1.1.1 72.00 341.00 413.00 OK
r-oldrel-macos-arm64 1.1.1 132.00 NOTE
r-oldrel-windows-x86_64 1.1.1 69.00 334.00 403.00 OK

Check Details

Version: 1.1.1
Check: installed package size
Result: NOTE installed size is 6.1Mb sub-directories of 1Mb or more: libs 3.9Mb Flavors: r-release-macos-arm64, r-release-macos-x86_64, r-oldrel-macos-arm64