Last updated on 2023-11-28 23:04:49 CET.
Flavor | Version | Tinstall | Tcheck | Ttotal | Status | Flags |
---|---|---|---|---|---|---|
r-devel-linux-x86_64-debian-clang | 1.7.4-0 | 144.42 | 40.06 | 184.48 | NOTE | |
r-devel-linux-x86_64-debian-gcc | 1.7.4-0 | 86.81 | 31.31 | 118.12 | NOTE | |
r-devel-linux-x86_64-fedora-clang | 1.7.4-0 | 311.70 | NOTE | |||
r-devel-linux-x86_64-fedora-gcc | 1.7.4-0 | 261.17 | NOTE | |||
r-devel-windows-x86_64 | 1.7.4-0 | 84.00 | 71.00 | 155.00 | NOTE | |
r-patched-linux-x86_64 | 1.7.4-0 | 102.67 | 40.02 | 142.69 | NOTE | |
r-release-linux-x86_64 | 1.7.4-0 | 104.98 | 40.79 | 145.77 | NOTE | |
r-release-macos-arm64 | 1.7.4-0 | 66.00 | NOTE | |||
r-release-macos-x86_64 | 1.7.4-0 | 116.00 | NOTE | |||
r-release-windows-x86_64 | 1.7.4-0 | 95.00 | 88.00 | 183.00 | NOTE | |
r-oldrel-macos-arm64 | 1.7.4-0 | 54.00 | OK | |||
r-oldrel-macos-x86_64 | 1.7.4-0 | 78.00 | OK | |||
r-oldrel-windows-x86_64 | 1.7.4-0 | 124.00 | 82.00 | 206.00 | OK |
Version: 1.7.4-0
Check: C++ specification
Result: NOTE
Specified C++11: please drop specification unless essential
Flavors: r-devel-linux-x86_64-debian-clang, r-devel-linux-x86_64-debian-gcc, r-devel-linux-x86_64-fedora-clang, r-devel-linux-x86_64-fedora-gcc, r-devel-windows-x86_64, r-patched-linux-x86_64, r-release-linux-x86_64, r-release-macos-arm64, r-release-macos-x86_64, r-release-windows-x86_64