Last updated on 2024-04-17 23:00:10 CEST.
Flavor | Version | Tinstall | Tcheck | Ttotal | Status | Flags |
---|---|---|---|---|---|---|
r-devel-linux-x86_64-debian-clang | 0.4.0 | 12.69 | 342.12 | 354.81 | OK | |
r-devel-linux-x86_64-debian-gcc | 0.4.0 | 8.32 | 244.19 | 252.51 | OK | |
r-devel-linux-x86_64-fedora-clang | 0.4.0 | 430.67 | NOTE | |||
r-devel-linux-x86_64-fedora-gcc | 0.4.0 | 436.04 | OK | |||
r-prerel-macos-arm64 | 0.4.0 | 126.00 | OK | |||
r-prerel-macos-x86_64 | 0.4.0 | 338.00 | OK | |||
r-prerel-windows-x86_64 | 0.4.0 | 12.00 | 247.00 | 259.00 | OK | |
r-patched-linux-x86_64 | 0.4.0 | 14.49 | 301.23 | 315.72 | OK | |
r-release-linux-x86_64 | 0.4.0 | 6.90 | 319.72 | 326.62 | OK | |
r-release-macos-arm64 | 0.4.0 | 114.00 | OK | |||
r-release-macos-x86_64 | 0.4.0 | 270.00 | OK | |||
r-release-windows-x86_64 | 0.4.0 | 15.00 | 321.00 | 336.00 | OK | |
r-oldrel-macos-arm64 | 0.4.0 | 108.00 | OK | |||
r-oldrel-windows-x86_64 | 0.4.0 | 15.00 | 309.00 | 324.00 | OK |
Version: 0.4.0
Check: Rd cross-references
Result: NOTE
Undeclared packages ‘janitor’, ‘unheadr’, ‘validate’ in Rd xrefs
Flavor: r-devel-linux-x86_64-fedora-clang