Last updated on 2023-09-26 23:04:25 CEST.
Flavor | Version | Tinstall | Tcheck | Ttotal | Status | Flags |
---|---|---|---|---|---|---|
r-devel-linux-x86_64-debian-clang | 1.0-0 | 10.81 | 101.88 | 112.69 | NOTE | |
r-devel-linux-x86_64-debian-gcc | 1.0-0 | 9.18 | 77.17 | 86.35 | NOTE | |
r-devel-linux-x86_64-fedora-clang | 1.0-0 | 138.65 | NOTE | |||
r-devel-linux-x86_64-fedora-gcc | 1.0-0 | 136.72 | NOTE | |||
r-devel-windows-x86_64 | 1.0-0 | 12.00 | 94.00 | 106.00 | NOTE | |
r-patched-linux-x86_64 | 1.0-0 | 11.11 | 101.24 | 112.35 | NOTE | |
r-release-linux-x86_64 | 1.0-0 | 10.50 | 101.21 | 111.71 | NOTE | |
r-release-macos-arm64 | 1.0-0 | 44.00 | NOTE | |||
r-release-macos-x86_64 | 1.0-0 | 69.00 | NOTE | |||
r-release-windows-x86_64 | 1.0-0 | 15.00 | 112.00 | 127.00 | NOTE | |
r-oldrel-macos-arm64 | 1.0-0 | 36.00 | NOTE | |||
r-oldrel-macos-x86_64 | 1.0-0 | 57.00 | NOTE | |||
r-oldrel-windows-x86_64 | 1.0-0 | 13.00 | 109.00 | 122.00 | NOTE |
Version: 1.0-0
Check: LazyData
Result: NOTE
'LazyData' is specified without a 'data' directory
Flavors: r-devel-linux-x86_64-debian-clang, r-devel-linux-x86_64-debian-gcc, r-devel-linux-x86_64-fedora-clang, r-devel-linux-x86_64-fedora-gcc, r-devel-windows-x86_64, r-patched-linux-x86_64, r-release-linux-x86_64, r-release-macos-arm64, r-release-macos-x86_64, r-release-windows-x86_64, r-oldrel-macos-arm64, r-oldrel-macos-x86_64, r-oldrel-windows-x86_64