CRAN Package Check Results for Package sde

Last updated on 2018-09-23 22:47:13 CEST.

Flavor Version Tinstall Tcheck Ttotal Status Flags
r-devel-linux-x86_64-debian-clang 2.0.15 8.70 80.75 89.45 OK
r-devel-linux-x86_64-debian-gcc 2.0.15 7.07 65.16 72.23 OK
r-devel-linux-x86_64-fedora-clang 2.0.15 103.48 NOTE
r-devel-linux-x86_64-fedora-gcc 2.0.15 103.33 NOTE
r-devel-windows-ix86+x86_64 2.0.15 21.00 150.00 171.00 OK
r-patched-linux-x86_64 2.0.15 6.98 69.46 76.44 OK
r-patched-solaris-x86 2.0.15 137.60 OK
r-release-linux-x86_64 2.0.15 7.17 69.76 76.93 OK
r-release-windows-ix86+x86_64 2.0.15 18.00 140.00 158.00 OK
r-release-osx-x86_64 2.0.15 OK
r-oldrel-windows-ix86+x86_64 2.0.15 11.00 146.00 157.00 OK
r-oldrel-osx-x86_64 2.0.15 OK

Check Details

Version: 2.0.15
Check: compiled code
Result: NOTE
    File ‘sde/libs/sde.so’:
     Found no call to: ‘R_useDynamicSymbols’
    
    It is good practice to register native routines and to disable symbol
    search.
    
    See ‘Writing portable packages’ in the ‘Writing R Extensions’ manual.
Flavors: r-devel-linux-x86_64-fedora-clang, r-devel-linux-x86_64-fedora-gcc