CRAN Package Check Results for Package sde

Last updated on 2018-06-24 22:49:39 CEST.

Flavor Version Tinstall Tcheck Ttotal Status Flags
r-devel-linux-x86_64-debian-clang 2.0.15 7.06 79.87 86.93 NOTE
r-devel-linux-x86_64-debian-gcc 2.0.15 5.77 63.28 69.05 NOTE
r-devel-linux-x86_64-fedora-clang 2.0.15 103.23 NOTE
r-devel-linux-x86_64-fedora-gcc 2.0.15 98.32 NOTE
r-devel-windows-ix86+x86_64 2.0.15 20.00 123.00 143.00 OK
r-patched-linux-x86_64 2.0.15 7.62 70.02 77.64 NOTE
r-patched-solaris-x86 2.0.15 136.50 OK
r-release-linux-x86_64 2.0.15 7.34 69.64 76.98 NOTE
r-release-windows-ix86+x86_64 2.0.15 21.00 97.00 118.00 OK
r-release-osx-x86_64 2.0.15 OK
r-oldrel-windows-ix86+x86_64 2.0.15 20.00 156.00 176.00 OK
r-oldrel-osx-x86_64 2.0.15 OK

Check Details

Version: 2.0.15
Check: compiled code
Result: NOTE
    File ‘sde/libs/sde.so’:
     Found no call to: ‘R_useDynamicSymbols’
    
    It is good practice to register native routines and to disable symbol
    search.
    
    See ‘Writing portable packages’ in the ‘Writing R Extensions’ manual.
Flavors: r-devel-linux-x86_64-debian-clang, r-devel-linux-x86_64-debian-gcc, r-devel-linux-x86_64-fedora-clang, r-devel-linux-x86_64-fedora-gcc, r-patched-linux-x86_64, r-release-linux-x86_64