CRAN Package Check Results for Package sde

Last updated on 2018-02-24 22:47:47 CET.

Flavor Version Tinstall Tcheck Ttotal Status Flags
r-devel-linux-x86_64-debian-clang 2.0.15 6.55 68.74 75.29 NOTE
r-devel-linux-x86_64-debian-gcc 2.0.15 5.79 55.42 61.21 NOTE
r-devel-linux-x86_64-fedora-clang 2.0.15 94.03 NOTE
r-devel-linux-x86_64-fedora-gcc 2.0.15 89.93 NOTE
r-devel-windows-ix86+x86_64 2.0.15 24.00 135.00 159.00 OK
r-patched-linux-x86_64 2.0.15 5.23 73.97 79.20 NOTE
r-patched-solaris-x86 2.0.15 149.30 OK
r-release-linux-x86_64 2.0.15 4.97 73.43 78.40 NOTE
r-release-windows-ix86+x86_64 2.0.15 20.00 142.00 162.00 OK
r-release-osx-x86_64 2.0.15 OK
r-oldrel-windows-ix86+x86_64 2.0.15 11.00 141.00 152.00 OK
r-oldrel-osx-x86_64 2.0.15 OK

Check Details

Version: 2.0.15
Check: compiled code
Result: NOTE
    File ‘sde/libs/sde.so’:
     Found no call to: ‘R_useDynamicSymbols’
    
    It is good practice to register native routines and to disable symbol
    search.
    
    See ‘Writing portable packages’ in the ‘Writing R Extensions’ manual.
Flavors: r-devel-linux-x86_64-debian-clang, r-devel-linux-x86_64-debian-gcc, r-devel-linux-x86_64-fedora-clang, r-devel-linux-x86_64-fedora-gcc, r-patched-linux-x86_64, r-release-linux-x86_64