CRAN Package Check Results for Package sde

Last updated on 2017-11-21 22:48:34 CET.

Flavor Version Tinstall Tcheck Ttotal Status Flags
r-devel-linux-x86_64-debian-clang 2.0.15 3.30 42.36 45.66 NOTE
r-devel-linux-x86_64-debian-gcc 2.0.15 4.46 95.75 100.21 NOTE
r-devel-linux-x86_64-fedora-clang 2.0.15 82.93 NOTE
r-devel-linux-x86_64-fedora-gcc 2.0.15 131.67 NOTE
r-devel-windows-ix86+x86_64 2.0.15 19.00 105.00 124.00 OK
r-patched-linux-x86_64 2.0.15 3.75 47.16 50.90 NOTE
r-patched-solaris-x86 2.0.15 144.00 OK
r-release-linux-x86_64 2.0.15 3.71 47.05 50.76 NOTE
r-release-windows-ix86+x86_64 2.0.15 13.00 103.00 116.00 OK
r-release-osx-x86_64 2.0.15 OK
r-oldrel-windows-ix86+x86_64 2.0.15 13.00 128.00 141.00 OK
r-oldrel-osx-x86_64 2.0.15 OK

Check Details

Version: 2.0.15
Check: compiled code
Result: NOTE
    File ‘sde/libs/sde.so’:
     Found no call to: ‘R_useDynamicSymbols’
    
    It is good practice to register native routines and to disable symbol
    search.
    
    See ‘Writing portable packages’ in the ‘Writing R Extensions’ manual.
Flavors: r-devel-linux-x86_64-debian-clang, r-devel-linux-x86_64-debian-gcc, r-devel-linux-x86_64-fedora-clang, r-devel-linux-x86_64-fedora-gcc, r-patched-linux-x86_64, r-release-linux-x86_64