Last updated on 2023-09-30 22:59:19 CEST.
Flavor | Version | Tinstall | Tcheck | Ttotal | Status | Flags |
---|---|---|---|---|---|---|
r-devel-linux-x86_64-debian-clang | 0.1.9 | 184.55 | 72.43 | 256.98 | OK | |
r-devel-linux-x86_64-debian-gcc | 0.1.9 | 117.28 | 53.11 | 170.39 | OK | |
r-devel-linux-x86_64-fedora-clang | 0.1.9 | 358.68 | OK | |||
r-devel-linux-x86_64-fedora-gcc | 0.1.9 | 357.79 | OK | |||
r-devel-windows-x86_64 | 0.1.9 | 120.00 | 107.00 | 227.00 | OK | |
r-patched-linux-x86_64 | 0.1.9 | 160.85 | 68.07 | 228.92 | OK | |
r-release-linux-x86_64 | 0.1.9 | 162.85 | 69.34 | 232.19 | OK | |
r-release-macos-arm64 | 0.1.9 | 71.00 | NOTE | |||
r-release-macos-x86_64 | 0.1.9 | 97.00 | NOTE | |||
r-release-windows-x86_64 | 0.1.9 | 161.00 | 126.00 | 287.00 | OK | |
r-oldrel-macos-arm64 | 0.1.9 | 64.00 | NOTE | |||
r-oldrel-macos-x86_64 | 0.1.9 | 103.00 | NOTE | |||
r-oldrel-windows-x86_64 | 0.1.9 | 149.00 | 107.00 | 256.00 | OK |
Version: 0.1.9
Check: installed package size
Result: NOTE
installed size is 9.7Mb
sub-directories of 1Mb or more:
libs 8.8Mb
Flavors: r-release-macos-arm64, r-release-macos-x86_64, r-oldrel-macos-arm64, r-oldrel-macos-x86_64