Last updated on 2024-04-18 22:52:59 CEST.
Flavor | Version | Tinstall | Tcheck | Ttotal | Status | Flags |
---|---|---|---|---|---|---|
r-devel-linux-x86_64-debian-clang | 0.3.2 | 30.12 | 345.83 | 375.95 | OK | |
r-devel-linux-x86_64-debian-gcc | 0.3.2 | 25.08 | 246.01 | 271.09 | OK | |
r-devel-linux-x86_64-fedora-clang | 0.3.2 | 452.55 | OK | |||
r-devel-linux-x86_64-fedora-gcc | 0.3.2 | 455.25 | OK | |||
r-prerel-macos-arm64 | 0.3.2 | 105.00 | OK | |||
r-prerel-windows-x86_64 | 0.3.2 | 24.00 | 214.00 | 238.00 | OK | |
r-patched-linux-x86_64 | 0.3.2 | 31.71 | 320.34 | 352.05 | OK | |
r-release-linux-x86_64 | 0.3.2 | 31.73 | 319.01 | 350.74 | OK | |
r-release-macos-arm64 | 0.3.2 | 113.00 | OK | |||
r-release-macos-x86_64 | 0.3.2 | 208.00 | NOTE | |||
r-release-windows-x86_64 | 0.3.2 | 34.00 | 295.00 | 329.00 | OK | |
r-oldrel-macos-arm64 | 0.3.2 | 101.00 | OK | |||
r-oldrel-windows-x86_64 | 0.3.2 | 35.00 | 285.00 | 320.00 | OK |
Version: 0.3.2
Check: re-building of vignette outputs
Result: NOTE
Error(s) in re-building vignettes:
--- re-building ‘sdmvspecies.Rnw’ using Sweave
Loading required package: sp
[1] "/Volumes/Builds/packages/big-sur-x86_64/results/4.3/sdmvspecies.Rcheck/sdmvspecies/external/env/bio1.bil"
[2] "/Volumes/Builds/packages/big-sur-x86_64/results/4.3/sdmvspecies.Rcheck/sdmvspecies/external/env/bio11.bil"
[3] "/Volumes/Builds/packages/big-sur-x86_64/results/4.3/sdmvspecies.Rcheck/sdmvspecies/external/env/bio12.bil"
[4] "/Volumes/Builds/packages/big-sur-x86_64/results/4.3/sdmvspecies.Rcheck/sdmvspecies/external/env/bio14.bil"
[5] "/Volumes/Builds/packages/big-sur-x86_64/results/4.3/sdmvspecies.Rcheck/sdmvspecies/external/env/bio16.bil"
[6] "/Volumes/Builds/packages/big-sur-x86_64/results/4.3/sdmvspecies.Rcheck/sdmvspecies/external/env/bio5.bil"
[7] "/Volumes/Builds/packages/big-sur-x86_64/results/4.3/sdmvspecies.Rcheck/sdmvspecies/external/env/bio7.bil"
Error: processing vignette 'sdmvspecies.Rnw' failed with diagnostics:
Running 'texi2dvi' on 'sdmvspecies.tex' failed.
LaTeX errors:
! LaTeX Error: File `hanging.sty' not found.
Type X to quit or <RETURN> to proceed,
or enter new name. (Default extension: sty)
! Emergency stop.
<read *>
l.9 \usepackage
[utf8]{inputenc}^^M
! ==> Fatal error occurred, no output PDF file produced!
--- failed re-building ‘sdmvspecies.Rnw’
SUMMARY: processing the following file failed:
‘sdmvspecies.Rnw’
Error: Vignette re-building failed.
Execution halted
Flavor: r-release-macos-x86_64