Last updated on 2023-12-10 22:56:12 CET.
Flavor | Version | Tinstall | Tcheck | Ttotal | Status | Flags |
---|---|---|---|---|---|---|
r-devel-linux-x86_64-debian-clang | 0.2 | 56.36 | 111.99 | 168.35 | NOTE | |
r-devel-linux-x86_64-debian-gcc | 0.2 | 37.40 | 85.74 | 123.14 | NOTE | |
r-devel-linux-x86_64-fedora-clang | 0.2 | 219.61 | NOTE | |||
r-devel-linux-x86_64-fedora-gcc | 0.2 | 213.43 | NOTE | |||
r-devel-windows-x86_64 | 0.2 | 41.00 | 109.00 | 150.00 | NOTE | |
r-patched-linux-x86_64 | 0.2 | 40.26 | 110.18 | 150.44 | NOTE | |
r-release-linux-x86_64 | 0.2 | 39.83 | 112.91 | 152.74 | NOTE | |
r-release-macos-arm64 | 0.2 | 59.00 | NOTE | |||
r-release-macos-x86_64 | 0.2 | 88.00 | NOTE | |||
r-release-windows-x86_64 | 0.2 | 53.00 | 133.00 | 186.00 | NOTE | |
r-oldrel-macos-arm64 | 0.2 | 52.00 | OK | |||
r-oldrel-macos-x86_64 | 0.2 | 71.00 | OK | |||
r-oldrel-windows-x86_64 | 0.2 | 53.00 | 130.00 | 183.00 | OK |
Version: 0.2
Check: C++ specification
Result: NOTE
Specified C++11: please drop specification unless essential
Flavors: r-devel-linux-x86_64-debian-clang, r-devel-linux-x86_64-debian-gcc, r-devel-linux-x86_64-fedora-clang, r-devel-linux-x86_64-fedora-gcc, r-devel-windows-x86_64, r-patched-linux-x86_64, r-release-linux-x86_64, r-release-macos-arm64, r-release-macos-x86_64, r-release-windows-x86_64
Version: 0.2
Check: Rd files
Result: NOTE
checkRd: (-1) msdpd.Rd:69: Lost braces in \itemize; meant \describe ?
checkRd: (-1) msdpd.Rd:76: Lost braces in \itemize; meant \describe ?
checkRd: (-1) msdpd.Rd:77: Lost braces in \itemize; meant \describe ?
checkRd: (-1) msdpd.Rd:78: Lost braces in \itemize; meant \describe ?
checkRd: (-1) msdpd.Rd:53: Lost braces in \itemize; \value handles \item{}{} directly
checkRd: (-1) msdpd.Rd:54: Lost braces in \itemize; \value handles \item{}{} directly
checkRd: (-1) msdpd.Rd:55: Lost braces in \itemize; \value handles \item{}{} directly
checkRd: (-1) msdpd.Rd:56: Lost braces in \itemize; \value handles \item{}{} directly
checkRd: (-1) msdpdth.Rd:84: Lost braces in \itemize; meant \describe ?
checkRd: (-1) msdpdth.Rd:91: Lost braces in \itemize; meant \describe ?
checkRd: (-1) msdpdth.Rd:92: Lost braces in \itemize; meant \describe ?
checkRd: (-1) msdpdth.Rd:93: Lost braces in \itemize; meant \describe ?
checkRd: (-1) msdpdth.Rd:65: Lost braces in \itemize; \value handles \item{}{} directly
checkRd: (-1) msdpdth.Rd:66: Lost braces in \itemize; \value handles \item{}{} directly
checkRd: (-1) msdpdth.Rd:67: Lost braces in \itemize; \value handles \item{}{} directly
checkRd: (-1) msdpdth.Rd:68: Lost braces in \itemize; \value handles \item{}{} directly
checkRd: (-1) msdpdth.Rd:69: Lost braces in \itemize; \value handles \item{}{} directly
checkRd: (-1) msdpdth.Rd:70: Lost braces in \itemize; \value handles \item{}{} directly
Flavors: r-devel-linux-x86_64-debian-clang, r-devel-linux-x86_64-debian-gcc