Last updated on 2024-04-23 22:55:36 CEST.
Flavor | Version | Tinstall | Tcheck | Ttotal | Status | Flags |
---|---|---|---|---|---|---|
r-devel-linux-x86_64-debian-clang | 0.1-3 | 1.74 | 26.07 | 27.81 | OK | |
r-devel-linux-x86_64-debian-gcc | 0.1-3 | 1.69 | 20.59 | 22.28 | OK | |
r-devel-linux-x86_64-fedora-clang | 0.1-3 | 35.94 | OK | |||
r-devel-linux-x86_64-fedora-gcc | 0.1-3 | 47.47 | OK | |||
r-prerel-macos-arm64 | 0.1-3 | 21.00 | OK | |||
r-prerel-windows-x86_64 | 0.1-3 | 3.00 | 50.00 | 53.00 | OK | |
r-patched-linux-x86_64 | 0.1-3 | 1.89 | 26.16 | 28.05 | OK | |
r-release-linux-x86_64 | 0.1-3 | 1.94 | 24.25 | 26.19 | OK | |
r-release-macos-arm64 | 0.1-3 | 22.00 | OK | |||
r-release-macos-x86_64 | 0.1-3 | 27.00 | NOTE | |||
r-release-windows-x86_64 | 0.1-3 | 3.00 | 48.00 | 51.00 | OK | |
r-oldrel-macos-arm64 | 0.1-3 | 19.00 | OK | |||
r-oldrel-windows-x86_64 | 0.1-3 | 6.00 | 55.00 | 61.00 | OK |
Version: 0.1-3
Check: re-building of vignette outputs
Result: NOTE
Error(s) in re-building vignettes:
--- re-building ‘sealasso.Rnw’ using Sweave
Loading required package: lars
Loaded lars 1.3
Error: processing vignette 'sealasso.Rnw' failed with diagnostics:
Running 'texi2dvi' on 'sealasso.tex' failed.
LaTeX errors:
! LaTeX Error: File `anysize.sty' not found.
Type X to quit or <RETURN> to proceed,
or enter new name. (Default extension: sty)
! Emergency stop.
<read *>
l.4 \marginsize
{2.5cm}{2.5cm}{2.5cm}{2.5cm}^^M
! ==> Fatal error occurred, no output PDF file produced!
--- failed re-building ‘sealasso.Rnw’
SUMMARY: processing the following file failed:
‘sealasso.Rnw’
Error: Vignette re-building failed.
Execution halted
Flavor: r-release-macos-x86_64