Last updated on 2023-06-05 23:09:42 CEST.
Flavor | Version | Tinstall | Tcheck | Ttotal | Status | Flags |
---|---|---|---|---|---|---|
r-devel-linux-x86_64-debian-clang | 4.6.0 | 495.37 | 680.94 | 1176.31 | NOTE | |
r-devel-linux-x86_64-debian-gcc | 4.6.0 | 382.42 | 515.30 | 897.72 | NOTE | |
r-devel-linux-x86_64-fedora-clang | 4.6.0 | 1545.64 | NOTE | |||
r-devel-linux-x86_64-fedora-gcc | 4.6.0 | 1541.13 | NOTE | |||
r-devel-windows-x86_64 | 4.6.0 | 396.00 | 589.00 | 985.00 | NOTE | |
r-patched-linux-x86_64 | 4.6.0 | 417.43 | 657.82 | 1075.25 | NOTE | |
r-release-linux-x86_64 | 4.6.0 | 412.65 | 656.76 | 1069.41 | NOTE | |
r-release-macos-arm64 | 4.6.0 | 381.00 | NOTE | |||
r-release-macos-x86_64 | 4.5.10 | 603.00 | NOTE | |||
r-release-windows-x86_64 | 4.6.0 | 490.00 | 751.00 | 1241.00 | NOTE | |
r-oldrel-macos-arm64 | 4.6.0 | 358.00 | NOTE | |||
r-oldrel-macos-x86_64 | 4.6.0 | 444.00 | NOTE | |||
r-oldrel-windows-x86_64 | 4.6.0 | 454.00 | 703.00 | 1157.00 | NOTE |
Version: 4.6.0
Check: for GNU extensions in Makefiles
Result: NOTE
GNU make is a SystemRequirements.
Flavors: r-devel-linux-x86_64-debian-clang, r-devel-linux-x86_64-debian-gcc, r-devel-linux-x86_64-fedora-clang, r-devel-linux-x86_64-fedora-gcc, r-devel-windows-x86_64, r-patched-linux-x86_64, r-release-linux-x86_64, r-release-macos-arm64, r-release-windows-x86_64, r-oldrel-macos-arm64, r-oldrel-macos-x86_64, r-oldrel-windows-x86_64
Version: 4.6.0
Check: installed package size
Result: NOTE
installed size is 5.2Mb
sub-directories of 1Mb or more:
R 1.5Mb
libs 2.0Mb
Flavors: r-devel-windows-x86_64, r-release-macos-arm64, r-release-windows-x86_64, r-oldrel-macos-arm64, r-oldrel-macos-x86_64, r-oldrel-windows-x86_64
Version: 4.5.10
Check: installed package size
Result: NOTE
installed size is 17.9Mb
sub-directories of 1Mb or more:
R 2.0Mb
libs 14.1Mb
Flavor: r-release-macos-x86_64
Version: 4.5.10
Check: for GNU extensions in Makefiles
Result: NOTE
GNU make is a SystemRequirements.
Flavor: r-release-macos-x86_64