CRAN Package Check Results for Package secr

Last updated on 2024-03-02 22:42:06 CET.

Flavor Version Tinstall Tcheck Ttotal Status Flags
r-devel-linux-x86_64-debian-clang 4.6.5 469.11 688.09 1157.20 NOTE
r-devel-linux-x86_64-debian-gcc 4.6.6 383.68 502.93 886.61 NOTE
r-devel-linux-x86_64-fedora-clang 4.6.6 1242.27 NOTE
r-devel-linux-x86_64-fedora-gcc 4.6.6 1588.93 NOTE
r-devel-windows-x86_64 4.6.6 374.00 489.00 863.00 NOTE
r-patched-linux-x86_64 4.6.5 491.23 646.44 1137.67 NOTE
r-release-linux-x86_64 4.6.5 474.87 653.94 1128.81 NOTE
r-release-macos-arm64 4.6.5 295.00 NOTE
r-release-macos-x86_64 4.6.6 642.00 NOTE
r-release-windows-x86_64 4.6.5 493.00 732.00 1225.00 NOTE
r-oldrel-macos-arm64 4.6.5 285.00 NOTE
r-oldrel-windows-x86_64 4.6.6 289.00 521.00 810.00 NOTE

Check Details

Version: 4.6.5
Check: for GNU extensions in Makefiles
Result: NOTE GNU make is a SystemRequirements. Flavors: r-devel-linux-x86_64-debian-clang, r-patched-linux-x86_64, r-release-linux-x86_64, r-release-macos-arm64, r-release-windows-x86_64, r-oldrel-macos-arm64

Version: 4.6.6
Check: for GNU extensions in Makefiles
Result: NOTE GNU make is a SystemRequirements. Flavors: r-devel-linux-x86_64-debian-gcc, r-devel-linux-x86_64-fedora-clang, r-devel-linux-x86_64-fedora-gcc, r-devel-windows-x86_64, r-release-macos-x86_64, r-oldrel-windows-x86_64

Version: 4.6.6
Check: installed package size
Result: NOTE installed size is 5.2Mb sub-directories of 1Mb or more: R 1.5Mb libs 2.0Mb Flavors: r-devel-windows-x86_64, r-release-macos-x86_64, r-oldrel-windows-x86_64

Version: 4.6.5
Check: installed package size
Result: NOTE installed size is 18.3Mb sub-directories of 1Mb or more: R 2.1Mb libs 14.5Mb Flavors: r-release-macos-arm64, r-release-windows-x86_64, r-oldrel-macos-arm64